09-23 01:55:37.282 253 253 I fwtool : Writing new entry into NVRAM @ 0xf22bf0
09-23 01:55:37.283 253 253 D fwtool : NVRAM updated.
09-23 01:55:37.283 252 252 D TetherController: Setting IP forward enable = 0
09-23 01:55:37.286 255 255 E perfprofd: unable to open configuration file /data/data/com.google.android.gms/files/perfprofd.conf
09-23 01:55:37.286 255 255 I perfprofd: random seed set to 2818381965
09-23 01:55:37.327 253 253 I fwtool : Writing new entry into NVRAM @ 0xf22bf0
09-23 01:55:37.328 253 253 D fwtool : NVRAM updated.
09-23 01:55:37.328 253 253 D fwtool : Cur fwid: Google_Smaug.7900.50.0
09-23 01:55:37.332 253 253 D fwtool : Old fwid: Google_Smaug.7900.50.0
09-23 01:55:37.332 253 253 D fwtool : Slots already synced.
09-23 01:55:37.350 246 246 I keystore: Found keymaster1 module TLK Keymaster1 HAL, version 100
09-23 01:55:37.350 246 246 I SoftKeymaster: system/keymaster/soft_keymaster_device.cpp, Line 131: Creating device
09-23 01:55:37.350 246 246 D SoftKeymaster: system/keymaster/soft_keymaster_device.cpp, Line 132: Device address: 0x76eea3d000
09-23 01:55:37.350 246 246 I TLKKeymaster: Creating device
09-23 01:55:37.366 246 246 I TLKKeymaster: Sending 0 byte request
09-23 01:55:37.366 246 246 D TLKKeymaster: Received tlk_call, cmd: 7, in_buf 0x7ff8c2bc88, in_size: 0, out_buf: 0x7ff8c29c88, out_size: 8192
09-23 01:55:37.367 246 246 D TLKKeymaster: TLK returned 7
09-23 01:55:37.367 246 246 I TLKKeymaster: Received 7 byte response
09-23 01:55:37.371 246 246 I TLKKeymaster: TLK keymaster version is 1.1.0
09-23 01:55:37.371 246 246 I TLKKeymaster: TLK keymaster message version is 2
09-23 01:55:37.371 246 246 D keystore: Wrapping keymaster1 module TLK Keymaster1 HAL with SofKeymasterDevice
09-23 01:55:37.371 246 246 D SoftKeymaster: system/keymaster/soft_keymaster_device.cpp, Line 178: Reinitializing SoftKeymasterDevice to use HW keymaster1
09-23 01:55:37.371 246 246 I TLKKeymaster: Sending 8 byte request
09-23 01:55:37.371 246 246 D TLKKeymaster: Received tlk_call, cmd: 12, in_buf 0x7ff8c2bbd8, in_size: 8, out_buf: 0x7ff8c29bd8, out_size: 8192
09-23 01:55:37.371 246 246 D TLKKeymaster: TLK returned 36
09-23 01:55:37.371 246 246 I TLKKeymaster: Received 36 byte response
09-23 01:55:37.371 246 246 I TLKKeymaster: Sending 8 byte request
09-23 01:55:37.371 246 246 D TLKKeymaster: Received tlk_call, cmd: 12, in_buf 0x7ff8c2bbd8, in_size: 8, out_buf: 0x7ff8c29bd8, out_size: 8192
09-23 01:55:37.373 246 246 D TLKKeymaster: TLK returned 36
09-23 01:55:37.373 246 246 I TLKKeymaster: Received 36 byte response
09-23 01:55:37.373 246 246 I TLKKeymaster: Sending 8 byte request
09-23 01:55:37.373 246 246 D TLKKeymaster: Received tlk_call, cmd: 12, in_buf 0x7ff8c2bbd8, in_size: 8, out_buf: 0x7ff8c29bd8, out_size: 8192
09-23 01:55:37.373 246 246 D TLKKeymaster: TLK returned 32
09-23 01:55:37.373 246 246 I TLKKeymaster: Received 32 byte response
09-23 01:55:37.373 246 246 I TLKKeymaster: Sending 8 byte request
09-23 01:55:37.373 246 246 D TLKKeymaster: Received tlk_call, cmd: 12, in_buf 0x7ff8c2bbd8, in_size: 8, out_buf: 0x7ff8c29bd8, out_size: 8192
09-23 01:55:37.373 246 246 D TLKKeymaster: TLK returned 32
09-23 01:55:37.373 246 246 I TLKKeymaster: Received 32 byte response
09-23 01:55:37.373 246 246 I TLKKeymaster: Sending 8 byte request
09-23 01:55:37.373 246 246 D TLKKeymaster: Received tlk_call, cmd: 12, in_buf 0x7ff8c2bbd8, in_size: 8, out_buf: 0x7ff8c29bd8, out_size: 8192
09-23 01:55:37.373 246 246 D TLKKeymaster: TLK returned 36
09-23 01:55:37.373 246 246 I TLKKeymaster: Received 36 byte response
09-23 01:55:37.373 246 246 I TLKKeymaster: Sending 8 byte request
09-23 01:55:37.373 246 246 D TLKKeymaster: Received tlk_call, cmd: 12, in_buf 0x7ff8c2bbd8, in_size: 8, out_buf: 0x7ff8c29bd8, out_size: 8192
09-23 01:55:37.373 246 246 D TLKKeymaster: TLK returned 36
09-23 01:55:37.373 246 246 I TLKKeymaster: Received 36 byte response
09-23 01:55:37.374 246 246 I SoftKeymaster: system/keymaster/soft_keymaster_device.cpp, Line 131: Creating device
09-23 01:55:37.374 246 246 D SoftKeymaster: system/keymaster/soft_keymaster_device.cpp, Line 132: Device address: 0x76eea3d400
09-23 01:55:37.404 243 243 I cameraserver: ServiceManager: 0xecf193a0
09-23 01:55:37.404 243 243 I CameraService: CameraService started (pid=243)
09-23 01:55:37.404 243 243 I CameraService: CameraService process starting
09-23 01:55:37.404 243 243 W BatteryNotifier: batterystats service unavailable!
09-23 01:55:37.404 243 243 W BatteryNotifier: batterystats service unavailable!
09-23 01:55:37.576 247 247 I mediacodec: @@@ mediacodecservice starting
09-23 01:55:37.582 247 247 W /system/bin/mediacodec: libminijail: allowing syscall: clock_gettime
09-23 01:55:37.582 247 247 W /system/bin/mediacodec: libminijail: allowing syscall: connect
09-23 01:55:37.582 247 247 W /system/bin/mediacodec: libminijail: allowing syscall: fcntl64
09-23 01:55:37.582 247 247 W /system/bin/mediacodec: libminijail: allowing syscall: socket
09-23 01:55:37.582 247 247 W /system/bin/mediacodec: libminijail: allowing syscall: writev
09-23 01:55:37.585 247 247 W /system/bin/mediacodec: libminijail: logging seccomp filter failures
09-23 01:55:37.678 242 242 I : sMaxFastTracks = 8
09-23 01:55:37.679 242 242 I audioserver: ServiceManager: 0xf51993a0
09-23 01:55:37.679 242 242 W BatteryNotifier: batterystats service unavailable!
09-23 01:55:37.679 242 242 I AudioFlinger: Using default 3000 mSec as standby time.
09-23 01:55:37.679 242 242 I AudioPolicyService: AudioPolicyService CSTOR in new mode
09-23 01:55:37.693 292 292 I recovery: Recovery image already installed
09-23 01:55:37.730 249 249 V MediaUtils: physMem: 2922409984
09-23 01:55:37.730 249 249 V MediaUtils: requested limit: 584481980
09-23 01:55:37.730 249 249 V MediaUtils: actual limit: 584481980
09-23 01:55:37.730 249 249 V MediaUtils: original limits: 4294967295/4294967295
09-23 01:55:37.730 249 249 V MediaUtils: new limits: 584481980/4294967295
09-23 01:55:37.730 249 249 W /system/bin/mediaextractor: libminijail: allowing syscall: clock_gettime
09-23 01:55:37.730 249 249 W /system/bin/mediaextractor: libminijail: allowing syscall: connect
09-23 01:55:37.730 249 249 W /system/bin/mediaextractor: libminijail: allowing syscall: fcntl64
09-23 01:55:37.730 249 249 W /system/bin/mediaextractor: libminijail: allowing syscall: socket
09-23 01:55:37.735 248 248 I mediaserver: ServiceManager: 0xea819400
09-23 01:55:37.735 249 249 W /system/bin/mediaextractor: libminijail: allowing syscall: writev
09-23 01:55:37.736 249 249 W /system/bin/mediaextractor: libminijail: logging seccomp filter failures
09-23 01:55:37.775 240 240 D AndroidRuntime: >>>>>> START com.android.internal.os.ZygoteInit uid 0 <<<<<<
09-23 01:55:37.787 250 250 I mediaserver: ServiceManager: 0xf5599400
09-23 01:55:37.789 250 250 W BatteryNotifier: batterystats service unavailable!
09-23 01:55:37.802 240 240 D AndroidRuntime: CheckJNI is OFF
09-23 01:55:37.813 240 240 I art : option[0]=-Xzygote
09-23 01:55:37.813 240 240 I art : option[1]=-Xstacktracefile:/data/anr/traces.txt
09-23 01:55:37.813 240 240 I art : option[2]=exit
09-23 01:55:37.813 240 240 I art : option[3]=vfprintf
09-23 01:55:37.813 240 240 I art : option[4]=sensitiveThread
09-23 01:55:37.813 240 240 I art : option[5]=-verbose:gc
09-23 01:55:37.813 240 240 I art : option[6]=-Xms16m
09-23 01:55:37.813 240 240 I art : option[7]=-Xmx512m
09-23 01:55:37.813 240 240 I art : option[8]=-XX:HeapGrowthLimit=192m
09-23 01:55:37.813 240 240 I art : option[9]=-XX:HeapMinFree=512k
09-23 01:55:37.813 240 240 I art : option[10]=-XX:HeapMaxFree=8m
09-23 01:55:37.813 240 240 I art : option[11]=-XX:HeapTargetUtilization=0.75
09-23 01:55:37.813 240 240 I art : option[12]=-Xusejit:true
09-23 01:55:37.813 240 240 I art : option[13]=-Xjitsaveprofilinginfo
09-23 01:55:37.813 240 240 I art : option[14]=-agentlib:jdwp=transport=dt_android_adb,suspend=n,server=y
09-23 01:55:37.813 240 240 I art : option[15]=-Xlockprofthreshold:500
09-23 01:55:37.813 240 240 I art : option[16]=-Ximage-compiler-option
09-23 01:55:37.813 240 240 I art : option[17]=--runtime-arg
09-23 01:55:37.813 240 240 I art : option[18]=-Ximage-compiler-option
09-23 01:55:37.813 240 240 I art : option[19]=-Xms64m
09-23 01:55:37.813 240 240 I art : option[20]=-Ximage-compiler-option
09-23 01:55:37.813 240 240 I art : option[21]=--runtime-arg
09-23 01:55:37.813 240 240 I art : option[22]=-Ximage-compiler-option
09-23 01:55:37.814 240 240 I art : option[23]=-Xmx64m
09-23 01:55:37.814 240 240 I art : option[24]=-Ximage-compiler-option
09-23 01:55:37.814 240 240 I art : option[25]=--image-classes=/system/etc/preloaded-classes
09-23 01:55:37.814 240 240 I art : option[26]=-Ximage-compiler-option
09-23 01:55:37.814 240 240 I art : option[27]=--compiled-classes=/system/etc/compiled-classes
09-23 01:55:37.814 240 240 I art : option[28]=-Xcompiler-option
09-23 01:55:37.814 240 240 I art : option[29]=--runtime-arg
09-23 01:55:37.814 240 240 I art : option[30]=-Xcompiler-option
09-23 01:55:37.814 240 240 I art : option[31]=-Xms64m
09-23 01:55:37.814 240 240 I art : option[32]=-Xcompiler-option
09-23 01:55:37.814 240 240 I art : option[33]=--runtime-arg
09-23 01:55:37.814 240 240 I art : option[34]=-Xcompiler-option
09-23 01:55:37.814 240 240 I art : option[35]=-Xmx512m
09-23 01:55:37.814 240 240 I art : option[36]=-Ximage-compiler-option
09-23 01:55:37.814 240 240 I art : option[37]=--instruction-set-variant=cortex-a53
09-23 01:55:37.814 240 240 I art : option[38]=-Xcompiler-option
09-23 01:55:37.814 240 240 I art : option[39]=--instruction-set-variant=cortex-a53
09-23 01:55:37.814 240 240 I art : option[40]=-Ximage-compiler-option
09-23 01:55:37.814 240 240 I art : option[41]=--instruction-set-features=default
09-23 01:55:37.814 240 240 I art : option[42]=-Xcompiler-option
09-23 01:55:37.814 240 240 I art : option[43]=--instruction-set-features=default
09-23 01:55:37.814 240 240 I art : option[44]=-Duser.locale=en-US
09-23 01:55:37.814 240 240 I art : option[45]=--cpu-abilist=arm64-v8a
09-23 01:55:37.814 240 240 I art : option[46]=-Xfingerprint:google/ryu/dragon:7.1.2/N2G48C/4104010:userdebug/dev-keys
09-23 01:55:37.815 242 242 I AudioFlinger: loadHwModule() Loaded primary audio interface from NVIDIA Tegra Audio HAL (audio) handle 10
09-23 01:55:37.815 242 242 I AudioFlinger: openOutput(), module 10 Device 2, SamplingRate 48000, Format 0x000001, Channels 3, flags 2
09-23 01:55:37.815 242 242 I AudioFlinger: HAL output buffer size 512 frames, normal sink buffer size 1024 frames
09-23 01:55:37.841 242 242 I BufferProvider: found effect "Multichannel Downmix To Stereo" from The Android Open Source Project
09-23 01:55:37.842 242 242 I AudioFlinger: Using module 10 has the primary audio interface
09-23 01:55:37.848 242 310 I AudioFlinger: AudioFlinger's thread 0xf4b03100 ready to run
09-23 01:55:37.848 242 310 W BatteryNotifier: batterystats service unavailable!
09-23 01:55:37.848 242 310 W BatteryNotifier: batterystats service unavailable!
09-23 01:55:37.849 242 312 I AudioFlinger: AudioFlinger's thread 0xf46839c0 ready to run
09-23 01:55:37.852 242 310 W BatteryNotifier: batterystats service unavailable!
09-23 01:55:37.852 242 310 W AudioFlinger: no wake lock to update, system not ready yet
09-23 01:55:37.856 242 242 I bt_a2dp_hw: adev_open: adev_open in A2dp_hw module
09-23 01:55:37.856 242 242 I AudioFlinger: loadHwModule() Loaded a2dp audio interface from A2DP Audio HW HAL (audio) handle 18
09-23 01:55:37.862 242 242 I AudioFlinger: loadHwModule() Loaded usb audio interface from USB audio HW HAL (audio) handle 26
09-23 01:55:37.864 242 242 I r_submix: adev_open(name=audio_hw_if)
09-23 01:55:37.864 242 242 I r_submix: adev_init_check()
09-23 01:55:37.865 242 242 I AudioFlinger: loadHwModule() Loaded r_submix audio interface from Wifi Display audio HAL (audio) handle 34
09-23 01:55:37.865 242 242 D r_submix: adev_open_input_stream(addr=0)
09-23 01:55:37.865 242 242 D r_submix: submix_audio_device_create_pipe_l(addr=0, idx=9)
09-23 01:55:37.865 242 242 D r_submix: now using address 0 for route 9
09-23 01:55:37.865 242 314 I AudioFlinger: AudioFlinger's thread 0xf4603a80 ready to run
09-23 01:55:37.866 242 242 D r_submix: adev_close_input_stream()
09-23 01:55:37.866 242 242 D r_submix: submix_audio_device_release_pipe_l(idx=9) addr=0
09-23 01:55:37.866 242 242 D r_submix: submix_audio_device_destroy_pipe_l(): pipe destroyed
09-23 01:55:37.866 242 242 I RadioService: RadioService
09-23 01:55:37.866 242 242 I RadioService: onFirstRef
09-23 01:55:37.867 242 242 E RadioService: couldn't load radio module radio.primary (No such file or directory)
09-23 01:55:37.898 242 242 I sound_trigger_hw_dragon: stdev_get_properties
09-23 01:55:37.898 242 242 I SoundTriggerHwService: loaded default module Dragon OK Google , handle 1
09-23 01:55:38.218 241 241 D AndroidRuntime: >>>>>> START com.android.internal.os.ZygoteInit uid 0 <<<<<<
09-23 01:55:38.263 241 241 D AndroidRuntime: CheckJNI is OFF
09-23 01:55:38.277 241 241 I art : option[0]=-Xzygote
09-23 01:55:38.277 241 241 I art : option[1]=-Xstacktracefile:/data/anr/traces.txt
09-23 01:55:38.277 241 241 I art : option[2]=exit
09-23 01:55:38.278 241 241 I art : option[3]=vfprintf
09-23 01:55:38.278 241 241 I art : option[4]=sensitiveThread
09-23 01:55:38.278 241 241 I art : option[5]=-verbose:gc
09-23 01:55:38.278 241 241 I art : option[6]=-Xms16m
09-23 01:55:38.278 241 241 I art : option[7]=-Xmx512m
09-23 01:55:38.278 241 241 I art : option[8]=-XX:HeapGrowthLimit=192m
09-23 01:55:38.278 241 241 I art : option[9]=-XX:HeapMinFree=512k
09-23 01:55:38.278 241 241 I art : option[10]=-XX:HeapMaxFree=8m
09-23 01:55:38.278 241 241 I art : option[11]=-XX:HeapTargetUtilization=0.75
09-23 01:55:38.278 241 241 I art : option[12]=-Xusejit:true
09-23 01:55:38.278 241 241 I art : option[13]=-Xjitsaveprofilinginfo
09-23 01:55:38.278 241 241 I art : option[14]=-agentlib:jdwp=transport=dt_android_adb,suspend=n,server=y
09-23 01:55:38.278 241 241 I art : option[15]=-Xlockprofthreshold:500
09-23 01:55:38.278 241 241 I art : option[16]=-Ximage-compiler-option
09-23 01:55:38.278 241 241 I art : option[17]=--runtime-arg
09-23 01:55:38.278 241 241 I art : option[18]=-Ximage-compiler-option
09-23 01:55:38.278 241 241 I art : option[19]=-Xms64m
09-23 01:55:38.278 241 241 I art : option[20]=-Ximage-compiler-option
09-23 01:55:38.278 241 241 I art : option[21]=--runtime-arg
09-23 01:55:38.278 241 241 I art : option[22]=-Ximage-compiler-option
09-23 01:55:38.279 241 241 I art : option[23]=-Xmx64m
09-23 01:55:38.279 241 241 I art : option[24]=-Ximage-compiler-option
09-23 01:55:38.279 241 241 I art : option[25]=--image-classes=/system/etc/preloaded-classes
09-23 01:55:38.279 241 241 I art : option[26]=-Ximage-compiler-option
09-23 01:55:38.279 241 241 I art : option[27]=--compiled-classes=/system/etc/compiled-classes
09-23 01:55:38.279 241 241 I art : option[28]=-Xcompiler-option
09-23 01:55:38.279 241 241 I art : option[29]=--runtime-arg
09-23 01:55:38.279 241 241 I art : option[30]=-Xcompiler-option
09-23 01:55:38.279 241 241 I art : option[31]=-Xms64m
09-23 01:55:38.279 241 241 I art : option[32]=-Xcompiler-option
09-23 01:55:38.279 241 241 I art : option[33]=--runtime-arg
09-23 01:55:38.279 241 241 I art : option[34]=-Xcompiler-option
09-23 01:55:38.279 241 241 I art : option[35]=-Xmx512m
09-23 01:55:38.279 241 241 I art : option[36]=-Ximage-compiler-option
09-23 01:55:38.279 241 241 I art : option[37]=--instruction-set-variant=cortex-a7
09-23 01:55:38.279 241 241 I art : option[38]=-Xcompiler-option
09-23 01:55:38.279 241 241 I art : option[39]=--instruction-set-variant=cortex-a7
09-23 01:55:38.279 241 241 I art : option[40]=-Ximage-compiler-option
09-23 01:55:38.279 241 241 I art : option[41]=--instruction-set-features=default
09-23 01:55:38.279 241 241 I art : option[42]=-Xcompiler-option
09-23 01:55:38.279 241 241 I art : option[43]=--instruction-set-features=default
09-23 01:55:38.279 241 241 I art : option[44]=-Duser.locale=en-US
09-23 01:55:38.279 241 241 I art : option[45]=--cpu-abilist=armeabi-v7a,armeabi
09-23 01:55:38.279 241 241 I art : option[46]=-Xfingerprint:google/ryu/dragon:7.1.2/N2G48C/4104010:userdebug/dev-keys
09-23 01:55:38.291 243 243 D NvOsDebugPrintf: NvRmPrivGetChipPlatform: Could not read platform information
09-23 01:55:38.291 243 243 D NvOsDebugPrintf: Expected on kernels without fuse support, using silicon
09-23 01:55:38.312 240 240 D ICU : No timezone override file found: /data/misc/zoneinfo/current/icu/icu_tzdata.dat
09-23 01:55:38.322 243 243 E libEGL : validate_display:99 error 3008 (EGL_BAD_DISPLAY)
09-23 01:55:38.332 243 243 D libEGL : loaded /vendor/lib/egl/libEGL_tegra.so
09-23 01:55:38.380 243 243 D libEGL : loaded /vendor/lib/egl/libGLESv1_CM_tegra.so
09-23 01:55:38.411 243 243 D libEGL : loaded /vendor/lib/egl/libGLESv2_tegra.so
09-23 01:55:38.556 243 243 D NvOsDebugPrintf: NvPclStateControllerOpen: NvPclHwModule list[0]: A44_rear_4BA808P1 position0
09-23 01:55:38.556 243 243 D NvOsDebugPrintf: NvPclStateControllerOpen: NvPclHwModule list[1]: A44_front_4BF215T1 position1
09-23 01:55:38.559 243 243 D NvOsDebugPrintf: On-sensor flash not supported.
09-23 01:55:38.564 243 243 D NvOsDebugPrintf: NvPclStateControllerOpen: NvPclHwModule list[0]: A44_rear_4BA808P1 position0
09-23 01:55:38.564 243 243 D NvOsDebugPrintf: NvPclStateControllerOpen: NvPclHwModule list[1]: A44_front_4BF215T1 position1
09-23 01:55:38.565 243 243 D NvOsDebugPrintf: On-sensor flash not supported.
09-23 01:55:38.569 243 243 D NvOsDebugPrintf: NvPclStateControllerOpen: NvPclHwModule list[0]: A44_rear_4BA808P1 position0
09-23 01:55:38.569 243 243 D NvOsDebugPrintf: NvPclStateControllerOpen: NvPclHwModule list[1]: A44_front_4BF215T1 position1
09-23 01:55:38.587 243 243 D NvOsDebugPrintf: CAM-SWAP: serial no file can't be opened to get serial number
09-23 01:55:38.630 243 243 D NvOsDebugPrintf: Blob: Blob Version = 1, 4, 0
09-23 01:55:38.630 243 243 D NvOsDebugPrintf: Blob: Program Number = 114
09-23 01:55:38.630 243 243 D NvOsDebugPrintf: Blob: Tool Version = 2, 15, 3
09-23 01:55:38.630 243 243 D NvOsDebugPrintf: Blob: Config File Date = 10993596009661071360
09-23 01:55:38.630 243 243 D NvOsDebugPrintf: Blob: fuse ID matched!
09-23 01:55:38.630 243 243 D NvOsDebugPrintf: Blob: SUCCESS? -- factory data fuse id is zero. Set as valid!
09-23 01:55:38.633 243 243 D NvOsDebugPrintf: CAM-SWAP: serial no file can't be opened to get serial number
09-23 01:55:38.669 243 243 I NvCameraHalLogging: NvCameraHalLogging:Preview profile reset
09-23 01:55:38.669 243 243 D NvOsDebugPrintf: getDisplayOrientation: Failed to read tegra display device mode.
09-23 01:55:38.669 243 243 D NvOsDebugPrintf: Bad value of display orientation
09-23 01:55:38.669 243 243 D NvOsDebugPrintf: plugCamera: Calculated orientation is a bad value 0 err 196611
09-23 01:55:38.669 243 243 I NvCameraHalLogging: NvCameraHalLogging:Preview profile reset
09-23 01:55:38.670 243 243 D NvOsDebugPrintf: getDisplayOrientation: Failed to read tegra display device mode.
09-23 01:55:38.670 243 243 D NvOsDebugPrintf: Bad value of display orientation
09-23 01:55:38.670 243 243 D NvOsDebugPrintf: plugCamera: Calculated orientation is a bad value 0 err 196611
09-23 01:55:38.670 243 243 I NvCameraHalLogging: NvCameraHalLogging:Preview profile reset
09-23 01:55:38.670 243 243 I NvCameraHalLogging: NvCameraHalLogging:Preview profile reset
09-23 01:55:38.670 243 243 I NvCameraHalLogging: NvCameraHalLogging:Preview profile reset
09-23 01:55:38.670 243 243 I NvCameraHalLogging: NvCameraHalLogging:Preview profile reset
09-23 01:55:38.670 243 243 I NvCameraHalLogging: NvCameraHalLogging:Preview profile reset
09-23 01:55:38.674 243 243 I CameraService: Loaded "NVIDIA Development Platform Camera HAL" camera module
09-23 01:55:38.674 243 243 I ServiceManager: Waiting for service media.camera.proxy...
09-23 01:55:38.754 240 240 I Radio-JNI: register_android_hardware_Radio DONE
09-23 01:55:38.785 240 240 I SamplingProfilerIntegration: Profiling disabled.
09-23 01:55:38.787 240 240 D Zygote : begin preload
09-23 01:55:38.787 240 240 I Zygote : Installing ICU cache reference pinning...
09-23 01:55:38.788 240 240 I Zygote : Preloading ICU data...
09-23 01:55:38.829 241 241 D ICU : No timezone override file found: /data/misc/zoneinfo/current/icu/icu_tzdata.dat
09-23 01:55:38.908 240 240 I Zygote : Preloading classes...
09-23 01:55:38.918 240 240 W Zygote : Class not found for preloading: [Landroid.view.Display$ColorTransform;
09-23 01:55:39.050 252 252 I iptables: iptables v1.4.20: can't initialize iptables table `nat': Table does not exist (do you need to insmod?)
09-23 01:55:39.050 252 252 I iptables: Perhaps iptables or your kernel needs to be upgraded.
09-23 01:55:39.052 252 252 I iptables: iptables terminated by exit(3)
09-23 01:55:39.052 252 252 E Netd : exec() res=0, status=768 for /system/bin/iptables -w -t nat -N oem_nat_pre
09-23 01:55:39.058 252 252 I iptables: iptables v1.4.20: can't initialize iptables table `nat': Table does not exist (do you need to insmod?)
09-23 01:55:39.058 252 252 I iptables: Perhaps iptables or your kernel needs to be upgraded.
09-23 01:55:39.061 252 252 I iptables: iptables terminated by exit(3)
09-23 01:55:39.061 252 252 E Netd : exec() res=0, status=768 for /system/bin/iptables -w -t nat -A PREROUTING -j oem_nat_pre
09-23 01:55:39.092 252 252 I iptables: iptables v1.4.20: can't initialize iptables table `nat': Table does not exist (do you need to insmod?)
09-23 01:55:39.092 252 252 I iptables: Perhaps iptables or your kernel needs to be upgraded.
09-23 01:55:39.095 252 252 I iptables: iptables terminated by exit(3)
09-23 01:55:39.095 252 252 E Netd : exec() res=0, status=768 for /system/bin/iptables -w -t nat -N natctrl_nat_POSTROUTING
09-23 01:55:39.100 252 252 I iptables: iptables v1.4.20: can't initialize iptables table `nat': Table does not exist (do you need to insmod?)
09-23 01:55:39.100 252 252 I iptables: Perhaps iptables or your kernel needs to be upgraded.
09-23 01:55:39.102 252 252 I iptables: iptables terminated by exit(3)
09-23 01:55:39.103 252 252 E Netd : exec() res=0, status=768 for /system/bin/iptables -w -t nat -A POSTROUTING -j natctrl_nat_POSTROUTING
09-23 01:55:39.125 241 241 I Radio-JNI: register_android_hardware_Radio DONE
09-23 01:55:39.149 241 241 I SamplingProfilerIntegration: Profiling disabled.
09-23 01:55:39.152 241 241 D Zygote : begin preload
09-23 01:55:39.152 241 241 I Zygote : Installing ICU cache reference pinning...
09-23 01:55:39.153 241 241 I Zygote : Preloading ICU data...
09-23 01:55:39.205 241 241 I Zygote : Preloading classes...
09-23 01:55:39.215 241 241 W Zygote : Class not found for preloading: [Landroid.view.Display$ColorTransform;
09-23 01:55:39.219 252 252 V NatController: runCmd(/system/bin/iptables -w -F natctrl_FORWARD) res=0
09-23 01:55:39.228 252 252 V NatController: runCmd(/system/bin/ip6tables -w -F natctrl_FORWARD) res=0
09-23 01:55:39.235 252 252 V NatController: runCmd(/system/bin/iptables -w -A natctrl_FORWARD -j DROP) res=0
09-23 01:55:39.247 252 252 V NatController: runCmd(/system/bin/iptables -w -t nat -F natctrl_nat_POSTROUTING) res=3
09-23 01:55:39.293 240 240 E Typeface: Error mapping font file /system/fonts/DroidSansFallback.ttf
09-23 01:55:39.325 241 241 E Typeface: Error mapping font file /system/fonts/DroidSansFallback.ttf
09-23 01:55:39.382 252 252 E Netd : cannot find interface dummy0
09-23 01:55:39.382 252 252 E Netd : Unable to create netlink socket: Protocol not supported
09-23 01:55:39.383 252 252 W Netd : Unable to open qlog quota socket, check if xt_quota2 can send via UeventHandler
09-23 01:55:39.383 252 252 D MDnsDS : MDnsSdListener::Hander starting up
09-23 01:55:39.383 252 508 D MDnsDS : MDnsSdListener starting to monitor
09-23 01:55:39.383 252 508 D MDnsDS : Going to poll with pollCount 1
09-23 01:55:39.490 240 240 I art : Thread[1,tid=240,Native,Thread*=0x76abe95a00,peer=0x12c060d0,"main"] recursive attempt to load library "/system/lib64/libmedia_jni.so"
09-23 01:55:39.491 240 240 D MtpDeviceJNI: register_android_mtp_MtpDevice
09-23 01:55:39.493 240 240 I art : Thread[1,tid=240,Native,Thread*=0x76abe95a00,peer=0x12c060d0,"main"] recursive attempt to load library "/system/lib64/libmedia_jni.so"
09-23 01:55:39.493 240 240 I art : Thread[1,tid=240,Native,Thread*=0x76abe95a00,peer=0x12c060d0,"main"] recursive attempt to load library "/system/lib64/libmedia_jni.so"
09-23 01:55:39.507 241 241 I art : Thread[1,tid=241,Native,Thread*=0xe7a05400,peer=0x12c060d0,"main"] recursive attempt to load library "/system/lib/libmedia_jni.so"
09-23 01:55:39.511 241 241 D MtpDeviceJNI: register_android_mtp_MtpDevice
09-23 01:55:39.512 241 241 I art : Thread[1,tid=241,Native,Thread*=0xe7a05400,peer=0x12c060d0,"main"] recursive attempt to load library "/system/lib/libmedia_jni.so"
09-23 01:55:39.512 241 241 I art : Thread[1,tid=241,Native,Thread*=0xe7a05400,peer=0x12c060d0,"main"] recursive attempt to load library "/system/lib/libmedia_jni.so"
09-23 01:55:39.675 243 243 I ServiceManager: Waiting for service media.camera.proxy...
09-23 01:55:39.732 240 240 W Zygote : Class not found for preloading: android.view.Display$ColorTransform
09-23 01:55:39.732 240 240 W Zygote : Class not found for preloading: android.view.Display$ColorTransform$1
09-23 01:55:39.736 241 241 W Zygote : Class not found for preloading: android.view.Display$ColorTransform
09-23 01:55:39.737 241 241 W Zygote : Class not found for preloading: android.view.Display$ColorTransform$1
09-23 01:55:39.884 240 240 I System : Loaded time zone names for "" in 44ms (42ms in ICU)
09-23 01:55:39.894 241 241 I System : Loaded time zone names for "" in 36ms (34ms in ICU)
09-23 01:55:39.899 240 240 I System : Loaded time zone names for "en_US" in 14ms (12ms in ICU)
09-23 01:55:39.909 241 241 I System : Loaded time zone names for "en_US" in 15ms (13ms in ICU)
09-23 01:55:39.924 240 240 I Zygote : ...preloaded 4158 classes in 1016ms.
09-23 01:55:39.924 240 240 I art : VMRuntime.preloadDexCaches starting
09-23 01:55:39.934 241 241 I Zygote : ...preloaded 4158 classes in 728ms.
09-23 01:55:39.934 241 241 I art : VMRuntime.preloadDexCaches starting
09-23 01:55:40.011 240 240 I art : VMRuntime.preloadDexCaches strings total=284348 before=39764 after=39764
09-23 01:55:40.011 240 240 I art : VMRuntime.preloadDexCaches types total=23615 before=7880 after=7908
09-23 01:55:40.011 240 240 I art : VMRuntime.preloadDexCaches fields total=112259 before=40951 after=41168
09-23 01:55:40.011 240 240 I art : VMRuntime.preloadDexCaches methods total=197810 before=82503 after=83069
09-23 01:55:40.011 240 240 I art : VMRuntime.preloadDexCaches finished
09-23 01:55:40.012 240 240 I Zygote : Preloading resources...
09-23 01:55:40.042 241 241 I art : VMRuntime.preloadDexCaches strings total=284348 before=39764 after=39764
09-23 01:55:40.042 241 241 I art : VMRuntime.preloadDexCaches types total=23615 before=7880 after=7908
09-23 01:55:40.042 241 241 I art : VMRuntime.preloadDexCaches fields total=112259 before=40951 after=41168
09-23 01:55:40.042 241 241 I art : VMRuntime.preloadDexCaches methods total=197810 before=82503 after=83069
09-23 01:55:40.042 241 241 I art : VMRuntime.preloadDexCaches finished
09-23 01:55:40.043 241 241 I Zygote : Preloading resources...
09-23 01:55:40.063 240 240 W Resources: Preloaded drawable resource #0x108025c (android:drawable/dialog_background_material) that varies with configuration!!
09-23 01:55:40.071 240 240 W Resources: Preloaded color resource #0x10600ea (android:color/material_grey_800) that varies with configuration!!
09-23 01:55:40.071 240 240 W Resources: Preloaded drawable resource #0x10802c9 (android:drawable/floating_popup_background_dark) that varies with configuration!!
09-23 01:55:40.075 241 241 W Resources: Preloaded drawable resource #0x108025c (android:drawable/dialog_background_material) that varies with configuration!!
09-23 01:55:40.077 241 241 W Resources: Preloaded color resource #0x10600ea (android:color/material_grey_800) that varies with configuration!!
09-23 01:55:40.077 241 241 W Resources: Preloaded drawable resource #0x10802c9 (android:drawable/floating_popup_background_dark) that varies with configuration!!
09-23 01:55:40.134 240 240 I Zygote : ...preloaded 114 resources in 122ms.
09-23 01:55:40.134 241 241 I Zygote : ...preloaded 114 resources in 91ms.
09-23 01:55:40.137 240 240 W Resources: Preloaded color resource #0x1060114 (android:color/background_cache_hint_selector_material_dark) that varies with configuration!!
09-23 01:55:40.137 241 241 W Resources: Preloaded color resource #0x1060114 (android:color/background_cache_hint_selector_material_dark) that varies with configuration!!
09-23 01:55:40.137 241 241 W Resources: Preloaded color resource #0x1060119 (android:color/btn_default_material_dark) that varies with configuration!!
09-23 01:55:40.137 240 240 W Resources: Preloaded color resource #0x1060119 (android:color/btn_default_material_dark) that varies with configuration!!
09-23 01:55:40.137 240 240 I Zygote : ...preloaded 41 resources in 4ms.
09-23 01:55:40.137 241 241 I Zygote : ...preloaded 41 resources in 4ms.
09-23 01:55:40.140 240 240 D libEGL : loaded /vendor/lib64/egl/libEGL_tegra.so
09-23 01:55:40.141 241 241 D libEGL : loaded /vendor/lib/egl/libEGL_tegra.so
09-23 01:55:40.146 241 241 D libEGL : loaded /vendor/lib/egl/libGLESv1_CM_tegra.so
09-23 01:55:40.147 240 240 D libEGL : loaded /vendor/lib64/egl/libGLESv1_CM_tegra.so
09-23 01:55:40.160 240 240 D libEGL : loaded /vendor/lib64/egl/libGLESv2_tegra.so
09-23 01:55:40.161 241 241 D libEGL : loaded /vendor/lib/egl/libGLESv2_tegra.so
09-23 01:55:40.171 240 240 I Zygote : Preloading shared libraries...
09-23 01:55:40.174 241 241 I Zygote : Preloading shared libraries...
09-23 01:55:40.187 240 240 I Zygote : Uninstalled ICU cache reference pinning...
09-23 01:55:40.189 241 241 I Zygote : Uninstalled ICU cache reference pinning...
09-23 01:55:40.192 240 240 I Zygote : Installed AndroidKeyStoreProvider in 5ms.
09-23 01:55:40.195 241 241 I Zygote : Installed AndroidKeyStoreProvider in 6ms.
09-23 01:55:40.200 240 240 I Zygote : Warmed up JCA providers in 8ms.
09-23 01:55:40.200 240 240 D Zygote : end preload
09-23 01:55:40.200 240 240 I art : Starting a blocking GC Explicit
09-23 01:55:40.206 241 241 I Zygote : Warmed up JCA providers in 11ms.
09-23 01:55:40.206 241 241 D Zygote : end preload
09-23 01:55:40.206 241 241 I art : Starting a blocking GC Explicit
09-23 01:55:40.214 240 240 I art : Explicit concurrent mark sweep GC freed 55611(6MB) AllocSpace objects, 133(2MB) LOS objects, 40% free, 4MB/6MB, paused 73us total 14.100ms
09-23 01:55:40.217 240 240 I art : Starting a blocking GC Explicit
09-23 01:55:40.223 240 240 I art : Explicit concurrent mark sweep GC freed 4822(178KB) AllocSpace objects, 0(0B) LOS objects, 39% free, 3MB/6MB, paused 76us total 6.727ms
09-23 01:55:40.224 240 399 I art : Starting a blocking GC HeapTrim
09-23 01:55:40.224 241 241 I art : Explicit concurrent mark sweep GC freed 55477(6MB) AllocSpace objects, 133(2MB) LOS objects, 39% free, 4MB/6MB, paused 126us total 18.223ms
09-23 01:55:40.227 241 241 I art : Starting a blocking GC Explicit
09-23 01:55:40.231 240 240 I art : Starting a blocking GC Background
09-23 01:55:40.235 241 241 I art : Explicit concurrent mark sweep GC freed 4822(178KB) AllocSpace objects, 0(0B) LOS objects, 39% free, 3MB/6MB, paused 122us total 7.865ms
09-23 01:55:40.235 241 241 I Zygote : Accepting command socket connections
09-23 01:55:40.257 240 240 I Zygote : System server process 516 has been created
09-23 01:55:40.258 240 240 I Zygote : Accepting command socket connections
09-23 01:55:40.275 516 516 I Zygote : Process: zygote socket opened, supported ABIS: armeabi-v7a,armeabi
09-23 01:55:40.276 516 516 I InstallerConnection: connecting...
09-23 01:55:40.276 245 245 I : new connection
09-23 01:55:40.287 516 516 I InstallerConnection: disconnecting...
09-23 01:55:40.287 245 245 E : eof
09-23 01:55:40.287 245 245 E : failed to read size
09-23 01:55:40.287 245 245 I : closing connection
09-23 01:55:40.326 516 516 I SystemServer: Entered the Android system server!
09-23 01:55:40.452 516 516 I SystemServiceManager: Starting com.android.server.pm.Installer
09-23 01:55:40.458 516 516 I Installer: Waiting for installd to be ready.
09-23 01:55:40.458 516 516 I InstallerConnection: connecting...
09-23 01:55:40.459 245 245 I : new connection
09-23 01:55:40.459 516 516 I SystemServiceManager: Starting com.android.server.am.ActivityManagerService$Lifecycle
09-23 01:55:40.504 516 516 I ActivityManager: Memory class: 192
09-23 01:55:40.509 516 530 I ServiceThread: Enabled StrictMode logging for ActivityManager looper.
09-23 01:55:40.511 516 531 I ServiceThread: Enabled StrictMode logging for android.ui looper.
09-23 01:55:40.547 516 516 D BatteryStatsImpl: Reading daily items from /data/system/batterystats-daily.xml
09-23 01:55:40.673 516 516 I IntentFirewall: Read new rules (A:0 B:0 S:0)
09-23 01:55:40.675 243 243 I ServiceManager: Waiting for service media.camera.proxy...
09-23 01:55:40.680 516 537 I ServiceThread: Enabled StrictMode logging for android.display looper.
09-23 01:55:40.684 516 516 D AppOps : AppOpsService published
09-23 01:55:40.684 516 516 I SystemServiceManager: Starting com.android.server.power.PowerManagerService
09-23 01:55:40.688 516 539 I ServiceThread: Enabled StrictMode logging for PowerManagerService looper.
09-23 01:55:40.690 516 540 I powerHAL::TimedQosManager: threadLoop [GPU] starting
09-23 01:55:40.690 516 516 W libsuspend: Error writing 'on' to /sys/power/state: Invalid argument
09-23 01:55:40.690 516 516 I libsuspend: Selected wakeup count
09-23 01:55:40.700 516 516 I SystemServiceManager: Starting com.android.server.lights.LightsService
09-23 01:55:40.705 516 516 I SystemServiceManager: Starting com.android.server.display.DisplayManagerService
09-23 01:55:40.710 516 516 I SystemServiceManager: Starting phase 100
09-23 01:55:40.714 516 537 I DisplayManagerService: Display device added: DisplayDeviceInfo{"Built-in Screen": uniqueId="local:0", 2560 x 1800, modeId 1, defaultModeId 1, supportedModes [{id=1, width=2560, height=1800, fps=60.0}], colorMode 0, supportedColorModes [0], HdrCapabilities android.view.Display$HdrCapabilities@a69d6308, density 320, 308.17 x 308.918 dpi, appVsyncOff 7500000, presDeadline 12666667, touch INTERNAL, rotation 0, type BUILT_IN, state UNKNOWN, FLAG_DEFAULT_DISPLAY, FLAG_ROTATES_WITH_CONTENT, FLAG_SECURE, FLAG_SUPPORTS_PROTECTED_BUFFERS}
09-23 01:55:40.715 184 184 D SurfaceFlinger: Set power mode=2, type=0 flinger=0x7ca9c47000
09-23 01:55:40.715 184 184 D SurfaceFlinger: Screen type=0 is already mode=2
09-23 01:55:40.724 516 516 I SystemServer: StartPackageManagerService
09-23 01:55:40.724 516 537 I DisplayManagerService: Display device changed state: "Built-in Screen", ON
09-23 01:55:40.795 516 516 D SELinuxMMAC: Using policy file /system/etc/security/mac_permissions.xml
09-23 01:55:40.817 516 516 D PackageSettings: Read domain verification for package: com.google.android.youtube
09-23 01:55:40.824 516 516 D PackageSettings: Read domain verification for package: com.android.vending
09-23 01:55:40.828 516 516 D PackageSettings: Read domain verification for package: com.google.android.music
09-23 01:55:40.830 516 516 D PackageSettings: Read domain verification for package: com.google.android.apps.docs
09-23 01:55:40.831 516 516 D PackageSettings: Read domain verification for package: com.google.android.apps.maps
09-23 01:55:40.840 516 516 D PackageSettings: Read domain verification for package: com.google.android.videos
09-23 01:55:40.841 516 516 D PackageSettings: Read domain verification for package: com.google.android.apps.photos
09-23 01:55:40.841 516 516 D PackageSettings: Read domain verification for package: com.google.android.calendar
09-23 01:55:40.849 516 516 D PackageSettings: Read domain verification for package: com.google.android.talk
09-23 01:55:40.952 516 516 E art : DexFile_getDexOptNeeded file '/system/framework/org.apache.http.legacy.jar' does not exist
09-23 01:55:40.953 516 516 W PackageManager: Library not found: /system/framework/org.apache.http.legacy.jar
09-23 01:55:40.971 516 516 E art : DexFile_getDexOptNeeded file '/system/framework/org.apache.http.legacy.jar' does not exist
09-23 01:55:40.971 516 516 W PackageManager: Library not found: /system/framework/org.apache.http.legacy.jar
09-23 01:55:40.975 516 516 D PackageManager: No files in app dir /vendor/overlay
09-23 01:55:40.980 516 516 W PackageManager: Failed to parse /system/framework/arm: Missing base APK in /system/framework/arm
09-23 01:55:40.981 516 516 W PackageManager: Failed to parse /system/framework/arm64: Missing base APK in /system/framework/arm64
09-23 01:55:41.004 516 516 W PackageManager: Failed to parse /system/framework/oat: Missing base APK in /system/framework/oat
09-23 01:55:41.069 516 516 W PackageManager: Permission android.permission.DOWNLOAD_WITHOUT_NOTIFICATION from package com.android.providers.downloads in an unknown group android.permission-group.NETWORK
09-23 01:55:41.123 516 516 W PackageParser: No actions in intent filter at /system/priv-app/GoogleContacts/GoogleContacts.apk Binary XML file line #307
09-23 01:55:41.135 516 516 W PackageParser: Unknown element under <manifest>: uses-library at /system/priv-app/GoogleFeedback/GoogleFeedback.apk Binary XML file line #33
09-23 01:55:41.192 516 516 W PackageParser: Ignoring duplicate uses-permissions/uses-permissions-sdk-m: com.google.android.providers.gsf.permission.READ_GSERVICES in package: com.google.android.partnersetup at: Binary XML file line #32
09-23 01:55:41.214 516 516 W PackageManager: Permission com.google.android.googleapps.permission.GOOGLE_AUTH from package com.google.android.gsf in an unknown group android.permission-group.ACCOUNTS
09-23 01:55:41.214 516 516 W PackageManager: Permission com.google.android.googleapps.permission.GOOGLE_AUTH.ALL_SERVICES from package com.google.android.gsf in an unknown group android.permission-group.ACCOUNTS
09-23 01:55:41.214 516 516 W PackageManager: Permission com.google.android.googleapps.permission.GOOGLE_AUTH.OTHER_SERVICES from package com.google.android.gsf in an unknown group android.permission-group.ACCOUNTS
09-23 01:55:41.214 516 516 W PackageManager: Permission com.google.android.googleapps.permission.GOOGLE_AUTH.mail from package com.google.android.gsf in an unknown group android.permission-group.ACCOUNTS
09-23 01:55:41.214 516 516 W PackageManager: Permission com.google.android.googleapps.permission.GOOGLE_AUTH.cl from package com.google.android.gsf in an unknown group android.permission-group.ACCOUNTS
09-23 01:55:41.214 516 516 W PackageManager: Permission com.google.android.googleapps.permission.GOOGLE_AUTH.android from package com.google.android.gsf in an unknown group android.permission-group.ACCOUNTS
09-23 01:55:41.214 516 516 W PackageManager: Permission com.google.android.googleapps.permission.GOOGLE_AUTH.androidsecure from package com.google.android.gsf in an unknown group android.permission-group.ACCOUNTS
09-23 01:55:41.214 516 516 W PackageManager: Permission com.google.android.googleapps.permission.GOOGLE_AUTH.sierra from package com.google.android.gsf in an unknown group android.permission-group.ACCOUNTS
09-23 01:55:41.214 516 516 W PackageManager: Permission com.google.android.googleapps.permission.GOOGLE_AUTH.sierraqa from package com.google.android.gsf in an unknown group android.permission-group.ACCOUNTS
09-23 01:55:41.214 516 516 W PackageManager: Permission com.google.android.googleapps.permission.GOOGLE_AUTH.sierrasandbox from package com.google.android.gsf in an unknown group android.permission-group.ACCOUNTS
09-23 01:55:41.214 516 516 W PackageManager: Permission com.google.android.googleapps.permission.GOOGLE_AUTH.youtube from package com.google.android.gsf in an unknown group android.permission-group.ACCOUNTS
09-23 01:55:41.214 516 516 W PackageManager: Permission com.google.android.googleapps.permission.GOOGLE_AUTH.YouTubeUser from package com.google.android.gsf in an unknown group android.permission-group.ACCOUNTS
09-23 01:55:41.214 516 516 W PackageManager: Permission com.google.android.googleapps.permission.GOOGLE_AUTH.talk from package com.google.android.gsf in an unknown group android.permission-group.ACCOUNTS
09-23 01:55:41.214 516 516 W PackageManager: Permission com.google.android.googleapps.permission.GOOGLE_AUTH.ig from package com.google.android.gsf in an unknown group android.permission-group.ACCOUNTS
09-23 01:55:41.214 516 516 W PackageManager: Permission com.google.android.googleapps.permission.GOOGLE_AUTH.lh2 from package com.google.android.gsf in an unknown group android.permission-group.ACCOUNTS
09-23 01:55:41.214 516 516 W PackageManager: Permission com.google.android.googleapps.permission.GOOGLE_AUTH.mobile from package com.google.android.gsf in an unknown group android.permission-group.ACCOUNTS
09-23 01:55:41.214 516 516 W PackageManager: Permission com.google.android.googleapps.permission.GOOGLE_AUTH.cp from package com.google.android.gsf in an unknown group android.permission-group.ACCOUNTS
09-23 01:55:41.214 516 516 W PackageManager: Permission com.google.android.googleapps.permission.GOOGLE_AUTH.adsense from package com.google.android.gsf in an unknown group android.permission-group.ACCOUNTS
09-23 01:55:41.214 516 516 W PackageManager: Permission com.google.android.googleapps.permission.GOOGLE_AUTH.adwords from package com.google.android.gsf in an unknown group android.permission-group.ACCOUNTS
09-23 01:55:41.214 516 516 W PackageManager: Permission com.google.android.googleapps.permission.GOOGLE_AUTH.blogger from package com.google.android.gsf in an unknown group android.permission-group.ACCOUNTS
09-23 01:55:41.214 516 516 W PackageManager: Permission com.google.android.googleapps.permission.GOOGLE_AUTH.dodgeball from package com.google.android.gsf in an unknown group android.permission-group.ACCOUNTS
09-23 01:55:41.214 516 516 W PackageManager: Permission com.google.android.googleapps.permission.GOOGLE_AUTH.gbase from package com.google.android.gsf in an unknown group android.permission-group.ACCOUNTS
09-23 01:55:41.214 516 516 W PackageManager: Permission com.google.android.googleapps.permission.GOOGLE_AUTH.groups2 from package com.google.android.gsf in an unknown group android.permission-group.ACCOUNTS
09-23 01:55:41.214 516 516 W PackageManager: Permission com.google.android.googleapps.permission.GOOGLE_AUTH.health from package com.google.android.gsf in an unknown group android.permission-group.ACCOUNTS
09-23 01:55:41.215 516 516 W PackageManager: Permission com.google.android.googleapps.permission.GOOGLE_AUTH.jotspot from package com.google.android.gsf in an unknown group android.permission-group.ACCOUNTS
09-23 01:55:41.215 516 516 W PackageManager: Permission com.google.android.googleapps.permission.GOOGLE_AUTH.knol from package com.google.android.gsf in an unknown group android.permission-group.ACCOUNTS
09-23 01:55:41.215 516 516 W PackageManager: Permission com.google.android.googleapps.permission.GOOGLE_AUTH.news from package com.google.android.gsf in an unknown group android.permission-group.ACCOUNTS
09-23 01:55:41.215 516 516 W PackageManager: Permission com.google.android.googleapps.permission.GOOGLE_AUTH.orkut from package com.google.android.gsf in an unknown group android.permission-group.ACCOUNTS
09-23 01:55:41.215 516 516 W PackageManager: Permission com.google.android.googleapps.permission.GOOGLE_AUTH.print from package com.google.android.gsf in an unknown group android.permission-group.ACCOUNTS
09-23 01:55:41.215 516 516 W PackageManager: Permission com.google.android.googleapps.permission.GOOGLE_AUTH.sitemaps from package com.google.android.gsf in an unknown group android.permission-group.ACCOUNTS
09-23 01:55:41.215 516 516 W PackageManager: Permission com.google.android.googleapps.permission.GOOGLE_AUTH.wifi from package com.google.android.gsf in an unknown group android.permission-group.ACCOUNTS
09-23 01:55:41.215 516 516 W PackageManager: Permission com.google.android.googleapps.permission.GOOGLE_AUTH.finance from package com.google.android.gsf in an unknown group android.permission-group.ACCOUNTS
09-23 01:55:41.215 516 516 W PackageManager: Permission com.google.android.googleapps.permission.GOOGLE_AUTH.local from package com.google.android.gsf in an unknown group android.permission-group.ACCOUNTS
09-23 01:55:41.215 516 516 W PackageManager: Permission com.google.android.googleapps.permission.GOOGLE_AUTH.ah from package com.google.android.gsf in an unknown group android.permission-group.ACCOUNTS
09-23 01:55:41.215 516 516 W PackageManager: Permission com.google.android.googleapps.permission.GOOGLE_AUTH.notebook from package com.google.android.gsf in an unknown group android.permission-group.ACCOUNTS
09-23 01:55:41.215 516 516 W PackageManager: Permission com.google.android.googleapps.permission.GOOGLE_AUTH.writely from package com.google.android.gsf in an unknown group android.permission-group.ACCOUNTS
09-23 01:55:41.215 516 516 W PackageManager: Permission com.google.android.googleapps.permission.GOOGLE_AUTH.wise from package com.google.android.gsf in an unknown group android.permission-group.ACCOUNTS
09-23 01:55:41.215 516 516 W PackageManager: Permission com.google.android.googleapps.permission.GOOGLE_AUTH.grandcentral from package com.google.android.gsf in an unknown group android.permission-group.ACCOUNTS
09-23 01:55:41.215 516 516 W PackageManager: Permission com.google.android.googleapps.permission.GOOGLE_AUTH.speechpersonalization from package com.google.android.gsf in an unknown group android.permission-group.ACCOUNTS
09-23 01:55:41.215 516 516 W PackageManager: Permission com.google.android.googleapps.permission.GOOGLE_AUTH.speech from package com.google.android.gsf in an unknown group android.permission-group.ACCOUNTS
09-23 01:55:41.215 516 516 W PackageManager: Permission com.google.android.providers.talk.permission.READ_ONLY from package com.google.android.gsf in an unknown group android.permission-group.MESSAGES
09-23 01:55:41.215 516 516 W PackageManager: Permission com.google.android.providers.talk.permission.WRITE_ONLY from package com.google.android.gsf in an unknown group android.permission-group.MESSAGES
09-23 01:55:41.215 516 516 W PackageManager: Permission com.google.android.gtalkservice.permission.GTALK_SERVICE from package com.google.android.gsf in an unknown group android.permission-group.MESSAGES
09-23 01:55:41.215 516 516 W PackageManager: Permission com.google.android.gtalkservice.permission.SEND_HEARTBEAT from package com.google.android.gsf in an unknown group android.permission-group.NETWORK
09-23 01:55:41.215 516 516 W PackageManager: Permission com.google.android.permission.BROADCAST_DATA_MESSAGE from package com.google.android.gsf in an unknown group android.permission-group.NETWORK
09-23 01:55:41.215 516 516 W PackageManager: Permission com.google.android.c2dm.permission.SEND from package com.google.android.gsf in an unknown group android.permission-group.NETWORK
09-23 01:55:41.215 516 516 W PackageManager: Permission com.google.android.c2dm.permission.RECEIVE from package com.google.android.gsf in an unknown group android.permission-group.NETWORK
09-23 01:55:41.215 516 516 W PackageManager: Permission com.google.android.xmpp.permission.BROADCAST from package com.google.android.gsf in an unknown group android.permission-group.NETWORK
09-23 01:55:41.215 516 516 W PackageManager: Permission com.google.android.xmpp.permission.SEND_RECEIVE from package com.google.android.gsf in an unknown group android.permission-group.NETWORK
09-23 01:55:41.215 516 516 W PackageManager: Permission com.google.android.xmpp.permission.XMPP_ENDPOINT_BROADCAST from package com.google.android.gsf in an unknown group android.permission-group.NETWORK
09-23 01:55:41.215 516 516 W PackageManager: Permission com.google.android.xmpp.permission.USE_XMPP_ENDPOINT from package com.google.android.gsf in an unknown group android.permission-group.NETWORK
09-23 01:55:41.216 516 516 W PackageManager: Permission com.google.android.providers.gsf.permission.READ_GSERVICES from package com.google.android.gsf in an unknown group android.permission-group.ACCOUNTS
09-23 01:55:41.328 516 516 W PackageManager: Permission com.android.vending.CHECK_LICENSE from package com.android.vending in an unknown group android.permission-group.NETWORK
09-23 01:55:41.328 516 516 W PackageManager: Permission com.android.vending.BILLING from package com.android.vending in an unknown group android.permission-group.NETWORK
09-23 01:55:41.343 516 516 W PackageManager: Permission com.google.android.apps.pixelclauncher.permission.READ_SETTINGS from package com.google.android.apps.pixelclauncher in an unknown group android.permission-group.SYSTEM_TOOLS
09-23 01:55:41.343 516 516 W PackageManager: Permission com.google.android.apps.pixelclauncher.permission.WRITE_SETTINGS from package com.google.android.apps.pixelclauncher in an unknown group android.permission-group.SYSTEM_TOOLS
09-23 01:55:41.343 516 516 W PackageManager: Permission com.google.android.apps.pixelclauncher.permission.QSB from package com.google.android.apps.pixelclauncher in an unknown group android.permission-group.SYSTEM_TOOLS
09-23 01:55:41.343 516 516 W PackageManager: Permission com.android.launcher.permission.INSTALL_SHORTCUT from package com.google.android.apps.pixelclauncher in an unknown group android.permission-group.SYSTEM_TOOLS
09-23 01:55:41.487 516 516 W PackageManager: Permission com.google.android.gms.permission.ACTIVITY_RECOGNITION from package com.google.android.gms in an unknown group android.permission-group.PERSONAL_INFO
09-23 01:55:41.600 516 516 W PackageParser: Ignoring duplicate uses-permissions/uses-permissions-sdk-m: android.permission.USE_CREDENTIALS in package: com.android.settings at: Binary XML file line #52
