09-23 01:55:41.600 516 516 W PackageParser: Ignoring duplicate uses-permissions/uses-permissions-sdk-m: android.permission.READ_SYNC_SETTINGS in package: com.android.settings at: Binary XML file line #57
09-23 01:55:41.600 516 516 W PackageParser: Ignoring duplicate uses-permissions/uses-permissions-sdk-m: android.permission.WRITE_SYNC_SETTINGS in package: com.android.settings at: Binary XML file line #58
09-23 01:55:41.671 516 516 W PackageParser: Ignoring duplicate uses-permissions/uses-permissions-sdk-m: android.permission.INSTALL_GRANT_RUNTIME_PERMISSIONS in package: com.android.shell at: Binary XML file line #102
09-23 01:55:41.675 243 243 I ServiceManager: Waiting for service media.camera.proxy...
09-23 01:55:41.735 516 516 W PackageParser: Ignoring duplicate uses-permissions/uses-permissions-sdk-m: android.permission.CONFIGURE_WIFI_DISPLAY in package: com.android.systemui at: Binary XML file line #117
09-23 01:55:41.876 516 516 W PackageParser: Ignoring duplicate uses-permissions/uses-permissions-sdk-m: android.permission.READ_PHONE_STATE in package: com.google.android.googlequicksearchbox at: Binary XML file line #143
09-23 01:55:41.876 516 516 W PackageParser: Ignoring duplicate uses-permissions/uses-permissions-sdk-m: android.permission.CAMERA in package: com.google.android.googlequicksearchbox at: Binary XML file line #144
09-23 01:55:41.893 516 516 W PackageManager: Permission com.google.android.launcher.permission.READ_SETTINGS from package com.google.android.googlequicksearchbox in an unknown group android.permission-group.SYSTEM_TOOLS
09-23 01:55:41.893 516 516 W PackageManager: Permission com.google.android.launcher.permission.WRITE_SETTINGS from package com.google.android.googlequicksearchbox in an unknown group android.permission-group.SYSTEM_TOOLS
09-23 01:55:41.894 516 516 W PackageManager: Permission com.android.launcher.permission.INSTALL_SHORTCUT from package com.google.android.googlequicksearchbox in an unknown group android.permission-group.SYSTEM_TOOLS
09-23 01:55:41.936 516 516 W PackageParser: Ignoring duplicate uses-permissions/uses-permissions-sdk-m: android.permission.READ_CONTACTS in package: com.android.bluetooth at: Binary XML file line #61
09-23 01:55:41.937 516 516 W PackageParser: No actions in intent filter at /system/app/Bluetooth/Bluetooth.apk Binary XML file line #222
09-23 01:55:42.008 516 516 W PackageManager: Non-privileged app; cap priority to 0; package: com.google.android.calendar activity: com.android.calendar.event.LaunchInfoActivity origPrio: 50
09-23 01:55:42.008 516 516 W PackageManager: Non-privileged app; cap priority to 0; package: com.google.android.calendar activity: com.android.calendar.event.LaunchInfoActivity origPrio: 50
09-23 01:55:42.062 516 516 W PackageManager: Permission com.android.chrome.permission.DEBUG from package com.android.chrome in an unknown group android.permission-group.DEVELOPMENT_TOOLS
09-23 01:55:42.085 516 516 W PackageManager: Non-privileged app; cap priority to 0; package: com.android.cts.ctsshim activity: com.android.cts.ctsshim.InstallPriority origPrio: 100
09-23 01:55:42.085 516 516 W PackageManager: Non-privileged app; cap priority to 0; package: com.android.cts.ctsshim activity: com.android.cts.ctsshim.InstallPriority origPrio: 100
09-23 01:55:42.085 516 516 W PackageManager: Non-privileged app; cap priority to 0; package: com.android.cts.ctsshim activity: com.android.cts.ctsshim.InstallPriority origPrio: 100
09-23 01:55:42.085 516 516 W PackageManager: Non-privileged app; cap priority to 0; package: com.android.cts.ctsshim activity: com.android.cts.ctsshim.InstallPriority origPrio: 100
09-23 01:55:42.085 516 516 W PackageManager: Non-privileged app; cap priority to 0; package: com.android.cts.ctsshim activity: com.android.cts.ctsshim.InstallPriority origPrio: 100
09-23 01:55:42.142 516 516 W PackageManager: Permission com.google.android.apps.docs.permission.READ_MY_DATA from package com.google.android.apps.docs in an unknown group android.permission-group.PERSONAL_INFO
09-23 01:55:42.142 516 516 W PackageManager: Permission com.google.android.apps.docs.permission.SYNC_STATUS from package com.google.android.apps.docs in an unknown group android.permission-group.PERSONAL_INFO
09-23 01:55:42.437 516 516 W PackageManager: Non-privileged app; cap priority to 0; package: com.google.android.talk activity: com.google.android.apps.hangouts.phone.BabelHomeActivity origPrio: 999
09-23 01:55:42.437 516 516 W PackageManager: Non-privileged app; cap priority to 0; package: com.google.android.talk activity: com.google.android.apps.hangouts.phone.HangoutUrlHandlerActivity origPrio: 999
09-23 01:55:42.437 516 516 W PackageManager: Non-privileged app; cap priority to 0; package: com.google.android.talk activity: com.google.android.apps.hangouts.phone.HangoutUrlHandlerActivity origPrio: 999
09-23 01:55:42.437 516 516 W PackageManager: Non-privileged app; cap priority to 0; package: com.google.android.talk activity: com.google.android.apps.hangouts.phone.ConversationUrlHandlerActivity origPrio: 999
09-23 01:55:42.437 516 516 W PackageManager: Non-privileged app; cap priority to 0; package: com.google.android.talk activity: com.google.android.apps.hangouts.phone.ConversationUrlHandlerActivity origPrio: 999
09-23 01:55:42.539 516 516 W PackageParser: Ignoring duplicate uses-permissions/uses-permissions-sdk-m: android.permission.WAKE_LOCK in package: com.google.android.apps.maps at: Binary XML file line #120
09-23 01:55:42.720 516 516 W PackageManager: Non-privileged app; cap priority to 0; package: com.google.android.play.games activity: com.google.android.gms.games.ui.restricted.matches.RestrictedParticipantListActivity origPrio: 10
09-23 01:55:42.720 516 516 W PackageManager: Non-privileged app; cap priority to 0; package: com.google.android.play.games activity: com.google.android.gms.games.ui.client.achievements.ClientAchievementListActivity origPrio: 10
09-23 01:55:42.720 516 516 W PackageManager: Non-privileged app; cap priority to 0; package: com.google.android.play.games activity: com.google.android.gms.games.ui.client.achievements.ClientAchievementListActivity origPrio: 10
09-23 01:55:42.720 516 516 W PackageManager: Non-privileged app; cap priority to 0; package: com.google.android.play.games activity: com.google.android.gms.games.ui.restricted.achievements.RestrictedAchievementDescriptionActivity origPrio: 10
09-23 01:55:42.721 516 516 W PackageManager: Non-privileged app; cap priority to 0; package: com.google.android.play.games activity: com.google.android.gms.games.ui.client.leaderboards.ClientLeaderboardListActivity origPrio: 10
09-23 01:55:42.721 516 516 W PackageManager: Non-privileged app; cap priority to 0; package: com.google.android.play.games activity: com.google.android.gms.games.ui.client.leaderboards.ClientLeaderboardListActivity origPrio: 10
09-23 01:55:42.721 516 516 W PackageManager: Non-privileged app; cap priority to 0; package: com.google.android.play.games activity: com.google.android.gms.games.ui.client.leaderboards.ClientLeaderboardScoreActivity origPrio: 10
09-23 01:55:42.721 516 516 W PackageManager: Non-privileged app; cap priority to 0; package: com.google.android.play.games activity: com.google.android.gms.games.ui.client.leaderboards.ClientLeaderboardScoreActivity origPrio: 10
09-23 01:55:42.721 516 516 W PackageManager: Non-privileged app; cap priority to 0; package: com.google.android.play.games activity: com.google.android.gms.games.ui.client.matches.SelectOpponentsActivity origPrio: 10
09-23 01:55:42.721 516 516 W PackageManager: Non-privileged app; cap priority to 0; package: com.google.android.play.games activity: com.google.android.gms.games.ui.client.matches.SelectOpponentsActivity origPrio: 10
09-23 01:55:42.721 516 516 W PackageManager: Non-privileged app; cap priority to 0; package: com.google.android.play.games activity: com.google.android.gms.games.ui.client.matches.SelectOpponentsActivity origPrio: 10
09-23 01:55:42.721 516 516 W PackageManager: Non-privileged app; cap priority to 0; package: com.google.android.play.games activity: com.google.android.gms.games.ui.client.matches.SelectOpponentsActivity origPrio: 10
09-23 01:55:42.721 516 516 W PackageManager: Non-privileged app; cap priority to 0; package: com.google.android.play.games activity: com.google.android.gms.games.ui.client.players.ClientPlayerSearchActivity origPrio: 10
09-23 01:55:42.721 516 516 W PackageManager: Non-privileged app; cap priority to 0; package: com.google.android.play.games activity: com.google.android.gms.games.ui.client.players.ClientPlayerSearchActivity origPrio: 10
09-23 01:55:42.721 516 516 W PackageManager: Non-privileged app; cap priority to 0; package: com.google.android.play.games activity: com.google.android.gms.games.ui.client.matches.RealTimeWaitingRoomActivity origPrio: 10
09-23 01:55:42.721 516 516 W PackageManager: Non-privileged app; cap priority to 0; package: com.google.android.play.games activity: com.google.android.gms.games.ui.client.matches.RealTimeWaitingRoomActivity origPrio: 10
09-23 01:55:42.721 516 516 W PackageManager: Non-privileged app; cap priority to 0; package: com.google.android.play.games activity: com.google.android.gms.games.ui.client.matches.ClientMultiplayerInboxActivity origPrio: 10
09-23 01:55:42.721 516 516 W PackageManager: Non-privileged app; cap priority to 0; package: com.google.android.play.games activity: com.google.android.gms.games.ui.client.matches.ClientMultiplayerInboxActivity origPrio: 10
09-23 01:55:42.721 516 516 W PackageManager: Non-privileged app; cap priority to 0; package: com.google.android.play.games activity: com.google.android.gms.games.ui.client.matches.ClientMultiplayerInboxActivity origPrio: 10
09-23 01:55:42.721 516 516 W PackageManager: Non-privileged app; cap priority to 0; package: com.google.android.play.games activity: com.google.android.gms.games.ui.client.matches.ClientPublicInvitationActivity origPrio: 10
09-23 01:55:42.721 516 516 W PackageManager: Non-privileged app; cap priority to 0; package: com.google.android.play.games activity: com.google.android.gms.games.ui.client.requests.SendRequestActivity origPrio: 10
09-23 01:55:42.721 516 516 W PackageManager: Non-privileged app; cap priority to 0; package: com.google.android.play.games activity: com.google.android.gms.games.ui.client.requests.ClientRequestInboxActivity origPrio: 10
09-23 01:55:42.721 516 516 W PackageManager: Non-privileged app; cap priority to 0; package: com.google.android.play.games activity: com.google.android.gms.games.ui.client.requests.ClientPublicRequestActivity origPrio: 10
09-23 01:55:42.721 516 516 W PackageManager: Non-privileged app; cap priority to 0; package: com.google.android.play.games activity: com.google.android.gms.games.ui.client.main.ClientSettingsActivity origPrio: 10
09-23 01:55:42.721 516 516 W PackageManager: Non-privileged app; cap priority to 0; package: com.google.android.play.games activity: com.google.android.gms.games.ui.client.main.ClientSettingsActivity origPrio: 10
09-23 01:55:42.721 516 516 W PackageManager: Non-privileged app; cap priority to 0; package: com.google.android.play.games activity: com.google.android.gms.games.ui.client.snapshots.ClientSnapshotListActivity origPrio: 10
09-23 01:55:42.722 516 516 W PackageManager: Non-privileged app; cap priority to 0; package: com.google.android.play.games activity: com.google.android.gms.games.ui.client.quests.ClientQuestListActivity origPrio: 10
09-23 01:55:42.722 516 516 W PackageManager: Non-privileged app; cap priority to 0; package: com.google.android.play.games activity: com.google.android.gms.games.ui.client.quests.ClientQuestDetailActivity origPrio: 10
09-23 01:55:42.722 516 516 W PackageManager: Non-privileged app; cap priority to 0; package: com.google.android.play.games activity: com.google.android.gms.games.ui.dialog.InterstitialVideoDialogLauncher origPrio: 10
09-23 01:55:42.722 516 516 W PackageManager: Non-privileged app; cap priority to 0; package: com.google.android.play.games activity: com.google.android.gms.games.ui.dialog.InterstitialVideoDialogLauncher origPrio: 10
09-23 01:55:42.722 516 516 W PackageManager: Non-privileged app; cap priority to 0; package: com.google.android.play.games activity: com.google.android.gms.games.ui.dialog.CaptureHeadlessPermissionActivity origPrio: 10
09-23 01:55:42.722 516 516 W PackageManager: Non-privileged app; cap priority to 0; package: com.google.android.play.games activity: com.google.android.gms.games.ui.dialog.CaptureHeadlessPermissionActivity origPrio: 10
09-23 01:55:42.722 516 516 W PackageManager: Non-privileged app; cap priority to 0; package: com.google.android.play.games activity: com.google.android.gms.games.ui.restricted.videos.RestrictedVideoCapturedActivity origPrio: 10
09-23 01:55:42.722 516 516 W PackageManager: Non-privileged app; cap priority to 0; package: com.google.android.play.games activity: com.google.android.gms.games.testcompat.ParcelTestCompatActivity origPrio: 10
09-23 01:55:42.722 516 516 W PackageManager: Non-privileged app; cap priority to 0; package: com.google.android.play.games activity: com.google.android.gms.games.testcompat.ParcelTestCompatActivity origPrio: 10
09-23 01:55:42.722 516 516 W PackageManager: Non-privileged app; cap priority to 0; package: com.google.android.play.games activity: com.google.android.gms.games.ui.GamesSettingsActivity origPrio: 10
09-23 01:55:42.722 516 516 W PackageManager: Non-privileged app; cap priority to 0; package: com.google.android.play.games activity: com.google.android.gms.games.ui.GamesSettingsDebugActivity origPrio: 10
09-23 01:55:42.722 516 516 W PackageManager: Non-privileged app; cap priority to 0; package: com.google.android.play.games activity: com.google.android.gms.games.ui.signin.SignInActivity origPrio: 10
09-23 01:55:42.801 516 516 W PackageParser: No actions in intent filter at /system/app/PrebuiltGmail/PrebuiltGmail.apk Binary XML file line #265
09-23 01:55:42.808 516 516 W PackageManager: Permission com.google.android.gm.email.permission.READ_ATTACHMENT from package com.google.android.gm in an unknown group android.permission-group.MESSAGES
09-23 01:55:42.808 516 516 W PackageManager: Permission com.google.android.gm.permission.READ_GMAIL from package com.google.android.gm in an unknown group android.permission-group.MESSAGES
09-23 01:55:42.808 516 516 W PackageManager: Permission com.google.android.gm.permission.WRITE_GMAIL from package com.google.android.gm in an unknown group android.permission-group.MESSAGES
09-23 01:55:42.808 516 516 W PackageManager: Permission com.google.android.gm.permission.AUTO_SEND from package com.google.android.gm in an unknown group android.permission-group.MESSAGES
09-23 01:55:42.808 516 516 W PackageManager: Permission com.google.android.gm.permission.READ_CONTENT_PROVIDER from package com.google.android.gm in an unknown group android.permission-group.MESSAGES
09-23 01:55:42.994 516 516 D PackageManager: No files in app dir /vendor/app
09-23 01:55:42.994 516 516 D PackageManager: No files in app dir /oem/app
09-23 01:55:42.995 516 516 D PackageManager: No files in app dir /data/app
09-23 01:55:42.995 516 516 D PackageManager: No files in app dir /data/app-private
09-23 01:55:42.996 516 516 D PackageManager: No files in app dir /data/app-ephemeral
09-23 01:55:42.997 516 516 W PackageManager: Protected action; cap priority to 0; package: com.android.cts.priv.ctsshim activity: com.android.cts.priv.ctsshim.InstallPriority origPrio: 100
09-23 01:55:42.997 516 516 W PackageManager: Protected action; cap priority to 0; package: com.android.cts.priv.ctsshim activity: com.android.cts.priv.ctsshim.InstallPriority origPrio: 100
09-23 01:55:42.997 516 516 W PackageManager: Protected action; cap priority to 0; package: com.android.cts.priv.ctsshim activity: com.android.cts.priv.ctsshim.InstallPriority origPrio: 100
09-23 01:55:42.997 516 516 W PackageManager: Protected action; cap priority to 0; package: com.android.cts.priv.ctsshim activity: com.android.cts.priv.ctsshim.InstallPriority origPrio: 100
09-23 01:55:42.997 516 516 W PackageManager: Protected action; cap priority to 0; package: com.google.android.packageinstaller activity: com.android.packageinstaller.PackageInstallerActivity origPrio: 1
09-23 01:55:42.997 516 516 W PackageManager: Protected action; cap priority to 0; package: com.google.android.gms activity: com.google.android.gms.appinvite.AppInviteAcceptInvitationActivity origPrio: 900
09-23 01:55:42.997 516 516 W PackageManager: Protected action; cap priority to 0; package: com.google.android.gms activity: com.google.android.gms.appinvite.AppInviteAcceptInvitationActivity origPrio: 900
09-23 01:55:42.997 516 516 W PackageManager: Protected action; cap priority to 0; package: com.google.android.gms activity: com.google.android.gms.appinvite.AppInviteAcceptInvitationActivity origPrio: 900
09-23 01:55:42.997 516 516 W PackageManager: Protected action; cap priority to 0; package: com.google.android.gms activity: com.google.android.gms.walletp2p.feature.transfer.TransferMoneyActivity origPrio: 900
09-23 01:55:42.997 516 516 W PackageManager: Package com.google.android.gms desires unavailable shared library com.google.android.ble; ignoring!
09-23 01:55:42.997 516 516 W PackageManager: Package com.google.android.GoogleCamera desires unavailable shared library com.google.android.gestureservice; ignoring!
09-23 01:55:42.997 516 516 W PackageManager: Package com.google.android.GoogleCamera desires unavailable shared library com.google.android.camera2; ignoring!
09-23 01:55:42.997 516 516 W PackageManager: Package com.google.android.GoogleCamera desires unavailable shared library com.google.android.camera.experimental2015; ignoring!
09-23 01:55:42.997 516 516 I PackageManager: Adjusting ABI for com.android.providers.downloads.ui to arm64-v8a (requirer=com.android.mtp, scannedPackage=null)
09-23 01:55:42.998 516 516 I PackageManager: Adjusting ABI for com.android.providers.downloads to arm64-v8a (requirer=com.android.mtp, scannedPackage=null)
09-23 01:55:42.999 516 516 I PackageManager: Adjusting ABI for com.android.providers.media to arm64-v8a (requirer=com.android.mtp, scannedPackage=null)
09-23 01:55:42.999 516 516 I PackageManager: Adjusting ABI for com.google.android.gsf.login to arm64-v8a (requirer=com.google.android.gms, scannedPackage=null)
09-23 01:55:42.999 516 516 I PackageManager: Adjusting ABI for com.google.android.backuptransport to arm64-v8a (requirer=com.google.android.gms, scannedPackage=null)
09-23 01:55:43.000 516 516 I PackageManager: Adjusting ABI for com.google.android.gsf to arm64-v8a (requirer=com.google.android.gms, scannedPackage=null)
09-23 01:55:43.000 516 516 I PackageManager: Adjusting ABI for com.android.wallpaperbackup to arm64-v8a (requirer=android, scannedPackage=null)
09-23 01:55:43.000 516 516 I PackageManager: Adjusting ABI for com.android.location.fused to arm64-v8a (requirer=android, scannedPackage=null)
09-23 01:55:43.000 516 516 I PackageManager: Adjusting ABI for com.android.providers.settings to arm64-v8a (requirer=android, scannedPackage=null)
09-23 01:55:43.000 516 516 I PackageManager: Adjusting ABI for com.android.dragonkeyboardfirmwareupdater to arm64-v8a (requirer=android, scannedPackage=null)
09-23 01:55:43.001 516 516 I PackageManager: Adjusting ABI for com.android.server.telecom to arm64-v8a (requirer=android, scannedPackage=null)
09-23 01:55:43.001 516 516 I PackageManager: Adjusting ABI for com.android.settings to arm64-v8a (requirer=android, scannedPackage=null)
09-23 01:55:43.001 516 516 I PackageManager: Adjusting ABI for com.android.inputdevices to arm64-v8a (requirer=android, scannedPackage=null)
09-23 01:55:43.001 516 516 I PackageManager: Adjusting ABI for com.android.keychain to arm64-v8a (requirer=android, scannedPackage=null)
09-23 01:55:43.001 516 516 I PackageManager: Adjusting ABI for com.android.crashreportprovider to arm64-v8a (requirer=android, scannedPackage=null)
09-23 01:55:43.006 516 516 I PackageManager: Time to scan packages: 2.076 seconds
09-23 01:55:43.006 516 516 W PackageManager: Not granting permission android.permission.MANAGE_DOCUMENTS to package com.google.android.youtube (protectionLevel=2 flags=0x3c59be45)
09-23 01:55:43.006 516 516 W PackageManager: Unknown permission com.google.android.launcher.permission.CONTENT_REDIRECT in package com.google.android.googlequicksearchbox
09-23 01:55:43.006 516 516 W PackageManager: Unknown permission com.google.android.voicesearch.SHORTCUTS_ACCESS in package com.google.android.googlequicksearchbox
09-23 01:55:43.006 516 516 W PackageManager: Unknown permission com.google.android.voicesearch.ACCESS_SETTINGS in package com.google.android.googlequicksearchbox
09-23 01:55:43.006 516 516 W PackageManager: Unknown permission com.android.browser.permission.PRELOAD in package com.google.android.googlequicksearchbox
09-23 01:55:43.006 516 516 W PackageManager: Unknown permission com.google.android.ears.permission.WRITE in package com.google.android.googlequicksearchbox
09-23 01:55:43.006 516 516 W PackageManager: Unknown permission com.google.android.apps.googlevoice.permission.AUTO_SEND in package com.google.android.googlequicksearchbox
09-23 01:55:43.006 516 516 W PackageManager: Unknown permission com.android.chrome.PRERENDER_URL in package com.google.android.googlequicksearchbox
09-23 01:55:43.006 516 516 W PackageManager: Not granting permission com.google.android.googleapps.permission.GOOGLE_AUTH to package com.android.providers.calendar (protectionLevel=2 flags=0x30083e45)
09-23 01:55:43.006 516 516 W PackageManager: Not granting permission com.google.android.googleapps.permission.GOOGLE_AUTH.cl to package com.android.providers.calendar (protectionLevel=2 flags=0x30083e45)
09-23 01:55:43.007 516 516 W PackageManager: Unknown permission com.android.launcher.permission.READ_SETTINGS in package com.google.android.apps.pixelclauncher
09-23 01:55:43.007 516 516 W PackageManager: Not granting permission android.permission.WRITE_SECURE_SETTINGS to package com.google.android.apps.enterprise.dmagent (protectionLevel=50 flags=0x38083e05)
09-23 01:55:43.007 516 516 W PackageManager: Not granting permission android.permission.CONNECTIVITY_INTERNAL to package com.google.android.apps.enterprise.dmagent (protectionLevel=18 flags=0x38083e05)
09-23 01:55:43.007 516 516 W PackageManager: Not granting permission android.permission.MANAGE_USB to package com.google.android.apps.enterprise.dmagent (protectionLevel=18 flags=0x38083e05)
09-23 01:55:43.007 516 516 W PackageManager: Not granting permission android.permission.CHANGE_COMPONENT_ENABLED_STATE to package com.google.android.apps.enterprise.dmagent (protectionLevel=18 flags=0x38083e05)
09-23 01:55:43.007 516 516 W PackageManager: Not granting permission android.permission.MANAGE_CA_CERTIFICATES to package com.google.android.apps.enterprise.dmagent (protectionLevel=18 flags=0x38083e05)
09-23 01:55:43.007 516 516 W PackageManager: Not granting permission android.permission.MANAGE_USERS to package com.google.android.apps.enterprise.dmagent (protectionLevel=18 flags=0x38083e05)
09-23 01:55:43.007 516 516 W PackageManager: Not granting permission android.permission.SEND_DOWNLOAD_COMPLETED_INTENTS to package com.android.vending (protectionLevel=2 flags=0x384abe45)
09-23 01:55:43.007 516 516 I PackageManager: Un-granting permission android.permission.INSTALL_GRANT_RUNTIME_PERMISSIONS from package com.android.vending (protectionLevel=770 flags=0x384abe45)
09-23 01:55:43.007 516 516 I PackageManager: Un-granting permission android.permission.GRANT_RUNTIME_PERMISSIONS from package com.android.vending (protectionLevel=770 flags=0x384abe45)
09-23 01:55:43.007 516 516 I PackageManager: Un-granting permission android.permission.REVOKE_RUNTIME_PERMISSIONS from package com.android.vending (protectionLevel=770 flags=0x384abe45)
09-23 01:55:43.007 516 516 W PackageManager: Unknown permission com.google.android.email.permission.ACCESS_PROVIDER in package com.google.android.gm
09-23 01:55:43.007 516 516 W PackageManager: Unknown permission com.google.android.gm.exchange.BIND in package com.google.android.gm
09-23 01:55:43.007 516 516 W PackageManager: Unknown permission com.android.email.partnerprovider.PARTNER_PROVIDER in package com.google.android.gm
09-23 01:55:43.008 516 516 W PackageManager: Unknown permission com.samsung.android.providers.context.permission.WRITE_USE_APP_FEATURE_SURVEY in package com.google.android.music
09-23 01:55:43.008 516 516 W PackageManager: Unknown permission android.permission.WRITE_SYNC_STATS in package com.google.android.apps.docs
09-23 01:55:43.008 516 516 W PackageManager: Not granting permission android.permission.INTERACT_ACROSS_USERS to package com.google.android.syncadapters.contacts (protectionLevel=50 flags=0x38083e45)
09-23 01:55:43.008 516 516 W PackageManager: Unknown permission com.google.android.syncadapters.contacts.permission.GAL_SEARCH in package com.google.android.syncadapters.contacts
09-23 01:55:43.009 516 516 W PackageManager: Unknown permission com.chrome.permission.DEVICE_EXTRAS in package com.android.chrome
09-23 01:55:43.009 516 516 W PackageManager: Unknown permission com.sec.enterprise.knox.MDM_CONTENT_PROVIDER in package com.android.chrome
09-23 01:55:43.009 516 516 I PackageManager: Un-granting permission android.permission.CLEAR_APP_USER_DATA from package com.google.android.packageinstaller (protectionLevel=258 flags=0x38483e45)
09-23 01:55:43.009 516 516 I PackageManager: Un-granting permission android.permission.GRANT_RUNTIME_PERMISSIONS from package com.google.android.packageinstaller (protectionLevel=770 flags=0x38483e45)
09-23 01:55:43.009 516 516 I PackageManager: Un-granting permission android.permission.REVOKE_RUNTIME_PERMISSIONS from package com.google.android.packageinstaller (protectionLevel=770 flags=0x38483e45)
09-23 01:55:43.009 516 516 I PackageManager: Un-granting permission android.permission.INSTALL_GRANT_RUNTIME_PERMISSIONS from package com.google.android.packageinstaller (protectionLevel=770 flags=0x38483e45)
09-23 01:55:43.009 516 516 I PackageManager: Un-granting permission android.permission.INTERACT_ACROSS_USERS_FULL from package com.google.android.packageinstaller (protectionLevel=258 flags=0x38483e45)
09-23 01:55:43.009 516 516 I PackageManager: Un-granting permission android.permission.KILL_UID from package com.google.android.packageinstaller (protectionLevel=258 flags=0x38483e45)
09-23 01:55:43.009 516 516 I PackageManager: Un-granting permission android.permission.MANAGE_APP_OPS_RESTRICTIONS from package com.google.android.packageinstaller (protectionLevel=258 flags=0x38483e45)
09-23 01:55:43.009 516 516 W PackageManager: Unknown permission com.google.android.permission.INSTALL_WEARABLE_PACKAGES in package com.google.android.packageinstaller
09-23 01:55:43.009 516 516 W PackageManager: Unknown permission com.google.android.wearable.READ_SETTINGS in package com.google.android.gms
09-23 01:55:43.009 516 516 W PackageManager: Unknown permission com.google.android.wh.supervisor.permission.ACCESS_METADATA_SERVICE in package com.google.android.gms
09-23 01:55:43.010 516 516 W PackageManager: Unknown permission com.android.launcher.permission.PRELOAD_WORKSPACE in package com.google.android.partnersetup
09-23 01:55:43.010 516 516 W PackageManager: Not granting permission com.google.android.googleapps.permission.GOOGLE_AUTH to package com.google.android.videos (protectionLevel=2 flags=0x385bbe45)
09-23 01:55:43.010 516 516 W PackageManager: Unknown permission com.google.android.gallery3d.permission.PICASA_STORE in package com.google.android.apps.photos
09-23 01:55:43.010 516 516 W PackageManager: Not granting permission android.permission.WRITE_MEDIA_STORAGE to package com.google.android.apps.photos (protectionLevel=18 flags=0x3858be45)
09-23 01:55:43.010 516 516 W PackageManager: Unknown permission com.google.android.gm.exchange.BIND in package com.google.android.calendar
09-23 01:55:43.010 516 516 W PackageManager: Not granting permission android.permission.DUMP to package com.google.android.apps.internal.betterbug (protectionLevel=50 flags=0x3808be45)
09-23 01:55:43.010 516 516 W PackageManager: Not granting permission android.permission.CONTROL_KEYGUARD to package com.google.android.gsf.login (protectionLevel=2 flags=0x3048be45)
09-23 01:55:43.010 516 516 W PackageManager: Unknown permission com.android.vending.billing.IBillingAccountService.BIND2 in package com.google.android.gsf.login
09-23 01:55:43.010 516 516 W PackageManager: Unknown permission com.android.launcher.permission.READ_SETTINGS in package com.android.settings
09-23 01:55:43.010 516 516 W PackageManager: Unknown permission com.android.launcher.permission.WRITE_SETTINGS in package com.android.settings
09-23 01:55:43.010 516 516 W PackageManager: Not granting permission android.permission.REGISTER_CONNECTION_MANAGER to package com.google.android.talk (protectionLevel=18 flags=0x3059be45)
09-23 01:55:43.011 516 516 W PackageManager: Unknown permission com.android.smspush.WAPPUSH_MANAGER_BIND in package com.android.phone
09-23 01:55:43.011 516 516 W PackageManager: Unknown permission com.google.android.gallery3d.permission.GALLERY_PROVIDER in package com.android.bluetooth
09-23 01:55:43.011 516 516 W PackageManager: Unknown permission com.android.gallery3d.permission.GALLERY_PROVIDER in package com.android.bluetooth
09-23 01:55:43.011 516 516 W PackageManager: Not granting permission android.permission.BIND_WALLPAPER to package com.google.android.GoogleCamera (protectionLevel=18 flags=0x30583c45)
09-23 01:55:43.011 516 516 W PackageManager: Unknown permission com.google.android.gallery3d.permission.GALLERY_PROVIDER in package com.google.android.GoogleCamera
09-23 01:55:43.012 516 516 V PackageManager: reconcileAppsData for null u0 0x3
09-23 01:55:43.013 516 516 W PackageManager: Destroying /data/user/0/poc due to: com.android.server.pm.PackageManagerException: Package poc is unknown
09-23 01:55:43.016 245 245 E : Couldn't opendir /data/data/poc: Not a directory
09-23 01:55:43.016 516 516 W PackageManager: Failed to destroy: com.android.internal.os.InstallerConnection$InstallerException: Failed to execute destroy_app_data [null, poc, 0, 2, 0]: -20
09-23 01:55:43.017 516 516 W PackageManager: Destroying /data/user/0/tmp due to: com.android.server.pm.PackageManagerException: Package tmp is unknown
09-23 01:55:43.021 245 245 E : Couldn't opendir /data/data/tmp: Not a directory
09-23 01:55:43.021 516 516 W PackageManager: Failed to destroy: com.android.internal.os.InstallerConnection$InstallerException: Failed to execute destroy_app_data [null, tmp, 0, 2, 0]: -20
09-23 01:55:43.021 516 516 W PackageManager: Destroying /data/user/0/mktemp: due to: com.android.server.pm.PackageManagerException: Package mktemp: is unknown
09-23 01:55:43.022 245 245 E : invalid package name 'mktemp:'
09-23 01:55:43.022 245 245 F installd: utils.cpp:67] Check failed: is_valid_package_name(package_name) == 0
--------- beginning of crash
09-23 01:55:43.022 245 245 F libc : Fatal signal 6 (SIGABRT), code -6 in tid 245 (installd)
09-23 01:55:43.022 166 166 W : debuggerd: handling request: pid=245 uid=0 gid=0 tid=245
09-23 01:55:43.026 546 546 E : debuggerd: Unable to connect to activity manager (connect failed: Connection refused)
09-23 01:55:43.076 546 546 F DEBUG : *** *** *** *** *** *** *** *** *** *** *** *** *** *** *** ***
09-23 01:55:43.076 546 546 F DEBUG : Build fingerprint: 'google/ryu/dragon:7.1.2/N2G48C/4104010:userdebug/dev-keys'
09-23 01:55:43.076 546 546 F DEBUG : Revision: '0'
09-23 01:55:43.076 546 546 F DEBUG : ABI: 'arm64'
09-23 01:55:43.077 546 546 F DEBUG : pid: 245, tid: 245, name: installd >>> /system/bin/installd <<<
09-23 01:55:43.077 546 546 F DEBUG : signal 6 (SIGABRT), code -6 (SI_TKILL), fault addr --------
09-23 01:55:43.077 546 546 F DEBUG : Abort message: 'utils.cpp:67] Check failed: is_valid_package_name(package_name) == 0 '
09-23 01:55:43.077 546 546 F DEBUG : x0 0000000000000000 x1 00000000000000f5 x2 0000000000000006 x3 0000000000000008
09-23 01:55:43.078 546 546 F DEBUG : x4 0000000000000000 x5 0000000000000000 x6 00000076a4172000 x7 0000000000000000
09-23 01:55:43.078 546 546 F DEBUG : x8 0000000000000083 x9 ffffffffffffffdf x10 0000000000000000 x11 0000000000000001
09-23 01:55:43.078 546 546 F DEBUG : x12 0000000000000018 x13 0000000000000000 x14 0000000000000000 x15 000157de95b365f0
09-23 01:55:43.078 546 546 F DEBUG : x16 00000076a4099ee0 x17 00000076a4043b24 x18 0000000000000000 x19 00000076a4227b40
09-23 01:55:43.078 546 546 F DEBUG : x20 0000000000000006 x21 00000076a4227a98 x22 0000000000000014 x23 0000000000000005
09-23 01:55:43.078 546 546 F DEBUG : x24 00000076a3834040 x25 0000000000000000 x26 0000000000000005 x27 0000000000000006
09-23 01:55:43.078 546 546 F DEBUG : x28 0000007ff8a77879 x29 0000007ff8a777f0 x30 00000076a4040f50
09-23 01:55:43.078 546 546 F DEBUG : sp 0000007ff8a777d0 pc 00000076a4043b2c pstate 0000000060000000
09-23 01:55:43.081 546 546 F DEBUG :
09-23 01:55:43.081 546 546 F DEBUG : backtrace:
09-23 01:55:43.081 546 546 F DEBUG : #00 pc 000000000006bb2c /system/lib64/libc.so (tgkill+8)
09-23 01:55:43.081 546 546 F DEBUG : #01 pc 0000000000068f4c /system/lib64/libc.so (pthread_kill+64)
09-23 01:55:43.081 546 546 F DEBUG : #02 pc 0000000000023f58 /system/lib64/libc.so (raise+24)
09-23 01:55:43.081 546 546 F DEBUG : #03 pc 000000000001c810 /system/lib64/libc.so (abort+52)
09-23 01:55:43.081 546 546 F DEBUG : #04 pc 000000000000609c /system/lib64/libbase.so (_ZN7android4base10LogMessageD1Ev+1084)
09-23 01:55:43.082 546 546 F DEBUG : #05 pc 000000000001bbd4 /system/bin/installd
09-23 01:55:43.082 546 546 F DEBUG : #06 pc 000000000001be38 /system/bin/installd
09-23 01:55:43.082 546 546 F DEBUG : #07 pc 0000000000007f08 /system/bin/installd
09-23 01:55:43.082 546 546 F DEBUG : #08 pc 0000000000005bd4 /system/bin/installd
09-23 01:55:43.082 546 546 F DEBUG : #09 pc 000000000001a594 /system/lib64/libc.so (__libc_init+88)
09-23 01:55:43.082 546 546 F DEBUG : #10 pc 0000000000004818 /system/bin/installd
09-23 01:55:43.093 166 166 W : debuggerd: resuming target 245
09-23 01:55:43.132 516 516 E InstallerConnection: read exception
09-23 01:55:43.132 516 516 I InstallerConnection: disconnecting...
09-23 01:55:43.133 516 516 W PackageManager: Failed to destroy: com.android.internal.os.InstallerConnection$InstallerException: Failed to execute destroy_app_data [null, mktemp:, 0, 2, 0]: -1
09-23 01:55:43.134 516 516 W PackageManager: Destroying /data/user/0/trg_out due to: com.android.server.pm.PackageManagerException: Package trg_out is unknown
09-23 01:55:43.134 516 516 I InstallerConnection: connecting...
09-23 01:55:43.135 516 516 I InstallerConnection: disconnecting...
09-23 01:55:43.135 516 516 E InstallerConnection: connection failed
09-23 01:55:43.135 516 516 W PackageManager: Failed to destroy: com.android.internal.os.InstallerConnection$InstallerException: Failed to execute destroy_app_data [null, trg_out, 0, 2, 0]: -1
09-23 01:55:43.136 516 516 W PackageManager: Destroying /data/user/0/dragon_kernel_poc due to: com.android.server.pm.PackageManagerException: Package dragon_kernel_poc is unknown
09-23 01:55:43.136 516 516 I InstallerConnection: connecting...
09-23 01:55:43.137 516 516 I InstallerConnection: disconnecting...
09-23 01:55:43.137 516 516 E InstallerConnection: connection failed
09-23 01:55:43.137 516 516 W PackageManager: Failed to destroy: com.android.internal.os.InstallerConnection$InstallerException: Failed to execute destroy_app_data [null, dragon_kernel_poc, 0, 2, 0]: -1
09-23 01:55:43.139 516 516 W PackageManager: Destroying /data/user_de/0/com.google.android.apps.pixelhealthservices due to: com.android.server.pm.PackageManagerException: Package com.google.android.apps.pixelhealthservices is unknown
09-23 01:55:43.140 516 516 I InstallerConnection: connecting...
09-23 01:55:43.140 516 516 I InstallerConnection: disconnecting...
09-23 01:55:43.140 516 516 E InstallerConnection: connection failed
09-23 01:55:43.140 516 516 W PackageManager: Failed to destroy: com.android.internal.os.InstallerConnection$InstallerException: Failed to execute destroy_app_data [null, com.google.android.apps.pixelhealthservices, 0, 1, 0]: -1
09-23 01:55:43.142 516 516 I InstallerConnection: connecting...
09-23 01:55:43.142 516 516 I InstallerConnection: disconnecting...
09-23 01:55:43.142 516 516 E InstallerConnection: connection failed
09-23 01:55:43.142 516 516 E PackageManager: Failed to create app data for com.android.cts.priv.ctsshim, but trying to recover: com.android.internal.os.InstallerConnection$InstallerException: Failed to execute create_app_data [null, com.android.cts.priv.ctsshim, 0, 3, 10006, default:privapp, 24]: -1
09-23 01:55:43.143 516 516 I InstallerConnection: connecting...
09-23 01:55:43.143 516 516 I InstallerConnection: disconnecting...
09-23 01:55:43.143 553 553 I : installd firing up
09-23 01:55:43.143 516 516 E InstallerConnection: connection failed
09-23 01:55:43.144 516 516 W PackageManager: com.android.internal.os.InstallerConnection$InstallerException: Failed to execute destroy_app_data [null, com.android.cts.priv.ctsshim, 0, 3, 1105974]: -1
09-23 01:55:43.144 516 516 I InstallerConnection: connecting...
09-23 01:55:43.144 553 553 I : new connection
09-23 01:55:43.147 553 553 I SELinux : SELinux: Loaded file_contexts contexts from /file_contexts.bin.
09-23 01:55:43.150 516 516 D PackageManager: Recovery succeeded!
09-23 01:55:43.400 516 516 V PackageManager: reconcileAppsData finished 110 packages
09-23 01:55:43.473 516 516 V PackageManager: Ephemeral resolver found; pkg: com.google.android.gms, info:ResolveInfo{53e2377 com.google.android.gms/.chimera.PersistentBoundBrokerService m=0x108000}
09-23 01:55:43.474 516 516 I PackageManager: Ephemeral deactivated; missing installer
09-23 01:55:43.474 516 516 I art : Starting a blocking GC Explicit
09-23 01:55:43.502 516 516 I art : Explicit concurrent mark sweep GC freed 12128(1132KB) AllocSpace objects, 4(80KB) LOS objects, 33% free, 7MB/10MB, paused 255us total 27.970ms
09-23 01:55:43.503 516 516 I SystemServer: StartOtaDexOptService
09-23 01:55:43.504 516 516 I SystemServer: StartUserManagerService
09-23 01:55:43.504 516 516 I SystemServiceManager: Starting com.android.server.pm.UserManagerService$LifeCycle
09-23 01:55:43.510 182 182 I lowmemorykiller: ActivityManager connected
09-23 01:55:43.510 516 516 I SystemServiceManager: Starting com.android.server.BatteryService
09-23 01:55:43.511 516 555 D SensorService: nuSensorService starting...
09-23 01:55:43.514 516 555 D CrosECSensor: new trigger 'cros-ec-ring-trigger6'
09-23 01:55:43.514 516 555 E CrosECSensor: Unable to read /sys/bus/iio/devices/iio_sysfs_trigger/name
09-23 01:55:43.540 516 533 E BatteryStatsService: power: Missing API
09-23 01:55:43.542 516 516 I SystemServiceManager: Starting com.android.server.usage.UsageStatsService
09-23 01:55:43.556 516 516 I SystemServiceManager: Starting com.android.server.webkit.WebViewUpdateService
09-23 01:55:43.559 516 555 D CrosECSensor: new dev 'iio:device0' handle: 0
09-23 01:55:43.563 516 516 I SystemServer: Reading configuration...
09-23 01:55:43.563 516 516 I SystemServer: StartSchedulingPolicyService
09-23 01:55:43.563 516 516 I SystemServiceManager: Starting com.android.server.telecom.TelecomLoaderService
09-23 01:55:43.565 516 516 I SystemServer: StartTelephonyRegistry
09-23 01:55:43.569 516 516 I SystemServer: StartEntropyMixer
09-23 01:55:43.581 516 555 D CrosECSensor: new dev 'iio:device1' handle: 1
09-23 01:55:43.583 516 555 D CrosECSensor: new dev 'iio:device2' handle: 2
09-23 01:55:43.583 516 555 D CrosECSensor: new dev 'iio:device3' handle: 3
09-23 01:55:43.583 516 555 D CrosECSensor: looking at /sys/bus/iio/devices/iio:device5/events:
09-23 01:55:43.583 516 555 D CrosECSensor: new gesture 'in_activity_still_change_falling_en' on device 'iio:device5' : handle: 1
09-23 01:55:43.584 516 555 D CrosECSensor: counting sensors: count 0: sensor_list_ 0x0
09-23 01:55:43.725 516 516 I EntropyMixer: Added HW RNG output to entropy pool
09-23 01:55:43.725 516 516 I EntropyMixer: Writing entropy...
09-23 01:55:43.732 516 516 I SystemServer: Camera Service
09-23 01:55:43.734 516 516 I SystemServiceManager: Starting com.android.server.camera.CameraService
09-23 01:55:43.739 516 561 I ServiceThread: Enabled StrictMode logging for CameraService_proxy looper.
09-23 01:55:43.740 516 516 I SystemServer: StartAccountManagerService
09-23 01:55:43.742 516 516 I SystemServiceManager: Starting com.android.server.accounts.AccountManagerService$Lifecycle
09-23 01:55:43.757 516 516 I SystemServer: StartContentService
09-23 01:55:43.759 516 516 I SystemServiceManager: Starting com.android.server.content.ContentService$Lifecycle
09-23 01:55:43.763 516 516 I SystemServer: InstallSystemProviders
09-23 01:55:43.772 516 516 W System : ClassLoader referenced unknown path: /system/priv-app/SettingsProvider/lib/arm64
09-23 01:55:43.794 516 516 I SystemServer: StartVibratorService
09-23 01:55:43.796 516 516 E : Vibrator file does not exist : -1
09-23 01:55:43.796 516 516 E : Vibrator device does not exist. Cannot start vibrator
09-23 01:55:43.796 516 516 W VibratorService: Tried to stop vibrating but there is no vibrator device.
09-23 01:55:43.798 516 516 I SystemServer: StartConsumerIrService
09-23 01:55:43.798 516 516 E ConsumerIrService: Can't open consumer IR HW Module, error: -2
09-23 01:55:43.798 516 516 I SystemServer: StartAlarmManagerService
09-23 01:55:43.799 516 516 I SystemServiceManager: Starting com.android.server.AlarmManagerService
09-23 01:55:43.805 516 516 I SystemServer: InitWatchdog
09-23 01:55:43.805 516 516 I SystemServer: StartInputManagerService
09-23 01:55:43.807 516 516 I InputManager: Initializing input manager, mUseDevInputEventForAudioJack=true
09-23 01:55:43.808 516 516 I SystemServer: StartWindowManagerService
09-23 01:55:43.834 516 537 I WindowManager: No existing display settings /data/system/display_settings.xml; starting empty
09-23 01:55:43.851 516 531 I ServiceManager: Waiting for service sensorservice...
09-23 01:55:43.882 516 555 D CrosECSensor: counting sensors: count 5: sensor_list_ 0x7694256a00
09-23 01:55:43.882 516 555 D CrosECSensor: counting sensors: count 5: sensor_list_ 0x7694256a00
09-23 01:55:43.883 516 565 D SensorService: nuSensorService thread starting...
09-23 01:55:43.883 516 564 D SensorService: new thread SensorEventAckReceiver
09-23 01:55:44.945 516 516 I SystemServer: StartVrManagerService
09-23 01:55:44.946 516 516 I SystemServiceManager: Starting com.android.server.vr.VrManagerService
09-23 01:55:44.947 516 516 W VrManagerService: init_native: Could not open VR hardware module, error No such file or directory (-2).
09-23 01:55:44.950 516 516 I InputManager: Starting input manager
09-23 01:55:44.951 516 571 D EventHub: No input device configuration file found for device 'hid-over-i2c 06CB:3370'.
09-23 01:55:44.951 516 571 I EventHub: New device: id=1, fd=99, path='/dev/input/event0', name='hid-over-i2c 06CB:3370', classes=0x14, configuration='', keyLayout='', keyCharacterMap='', builtinKeyboard=false, wakeMechanism=EPOLLWAKEUP, usingClockIoctl=true
09-23 01:55:44.952 516 571 D EventHub: No input device configuration file found for device 'gpio-keys'.
09-23 01:55:44.953 516 516 I SystemServiceManager: Starting com.android.server.BluetoothService
09-23 01:55:44.956 516 571 W EventHub: Unable to disable kernel key repeat for /dev/input/event2: Function not implemented
09-23 01:55:44.956 516 571 I EventHub: New device: id=2, fd=100, path='/dev/input/event2', name='gpio-keys', classes=0x81, configuration='', keyLayout='/system/usr/keylayout/Generic.kl', keyCharacterMap='/system/usr/keychars/Generic.kcm', builtinKeyboard=false, wakeMechanism=EPOLLWAKEUP, usingClockIoctl=true
09-23 01:55:44.956 516 571 D EventHub: No input device configuration file found for device 'tegra-snd-t210ref-mobile-rt5677 Headset Jack'.
09-23 01:55:44.958 516 571 W EventHub: Unable to disable kernel key repeat for /dev/input/event1: Function not implemented
09-23 01:55:44.958 516 571 I EventHub: New device: id=3, fd=101, path='/dev/input/event1', name='tegra-snd-t210ref-mobile-rt5677 Headset Jack', classes=0x81, configuration='', keyLayout='/system/usr/keylayout/Generic.kl', keyCharacterMap='/system/usr/keychars/Generic.kcm', builtinKeyboard=false, wakeMechanism=EPOLLWAKEUP, usingClockIoctl=true
09-23 01:55:44.958 516 516 D BluetoothManagerService: Loading stored name and address
09-23 01:55:44.959 516 516 D BluetoothManagerService: Stored bluetooth Name=Pixel C,Address=22:22:E3:AC:CE:F2
09-23 01:55:44.959 516 516 D BluetoothManagerService: Bluetooth persisted state: 1
09-23 01:55:44.959 516 516 D BluetoothManagerService: Startup: Bluetooth persisted state is ON.
09-23 01:55:44.959 516 516 I SystemServer: ConnectivityMetricsLoggerService
09-23 01:55:44.959 516 516 I SystemServiceManager: Starting com.android.server.connectivity.MetricsLoggerService
09-23 01:55:44.960 516 571 I InputReader: Device added: id=-1, name='Virtual', sources=0x00000301
09-23 01:55:44.960 516 571 I InputReader: Device added: id=3, name='tegra-snd-t210ref-mobile-rt5677 Headset Jack', sources=0x80000101
09-23 01:55:44.961 516 571 I InputReader: Device added: id=2, name='gpio-keys', sources=0x80000101
09-23 01:55:44.961 516 571 I InputReader: Touch device 'hid-over-i2c 06CB:3370' could not query the properties of its associated display. The device will be inoperable until the display size becomes available.
09-23 01:55:44.961 516 571 I InputReader: Device added: id=1, name='hid-over-i2c 06CB:3370', sources=0x00001002
09-23 01:55:44.961 516 516 I SystemServer: IpConnectivityMetrics
09-23 01:55:44.962 516 516 I SystemServiceManager: Starting com.android.server.connectivity.IpConnectivityMetrics
09-23 01:55:44.962 516 516 I SystemServer: PinnerService
09-23 01:55:44.962 516 516 I SystemServiceManager: Starting com.android.server.PinnerService
09-23 01:55:44.963 516 516 I SystemServiceManager: Starting com.android.server.InputMethodManagerService$Lifecycle
09-23 01:55:45.021 516 516 I SystemServer: StartAccessibilityManagerService
09-23 01:55:45.027 516 516 I ActivityManager: Config changes=1df8 {1.0 ?mcc?mnc [en_US] ldltr sw900dp w1280dp h900dp 320dpi xlrg land ?uimode ?night -touch -keyb/v/h -nav/h s.2}
09-23 01:55:45.034 516 537 I ActivityManager: Config changes=400 {1.0 ?mcc?mnc [en_US] ldltr sw900dp w1280dp h820dp 320dpi xlrg land ?uimode ?night -touch -keyb/v/h -nav/h s.3}
09-23 01:55:45.041 516 516 I ActivityManager: Config changes=8 {1.0 ?mcc?mnc [en_US] ldltr sw900dp w1280dp h820dp 320dpi xlrg land ?uimode ?night finger -keyb/v/h -nav/h s.4}
09-23 01:55:45.053 516 529 I UsageStatsService: User[0] Rollover scheduled @ 2017-09-23 01:43:54(1506131034120)
09-23 01:55:45.055 516 529 I UsageStatsService: User[0] Rolling over usage stats
09-23 01:55:45.055 516 516 I SystemServiceManager: Starting com.android.server.MountService$Lifecycle
09-23 01:55:45.056 516 571 I InputReader: Reconfiguring input devices. changes=0x00000004
09-23 01:55:45.056 516 571 I InputReader: Device reconfigured: id=1, name='hid-over-i2c 06CB:3370', size 2560x1800, orientation 0, mode 1, display id 0
09-23 01:55:45.062 516 516 I SystemServiceManager: Starting com.android.server.UiModeManagerService
09-23 01:55:45.062 516 573 D MountService: Thinking about init, mSystemReady=false, mDaemonConnected=true
09-23 01:55:45.062 516 573 D MountService: Thinking about reset, mSystemReady=false, mDaemonConnected=true
09-23 01:55:45.063 516 573 D MountService: Thinking about init, mSystemReady=false, mDaemonConnected=true
09-23 01:55:45.063 516 573 D MountService: Thinking about reset, mSystemReady=false, mDaemonConnected=true
09-23 01:55:45.063 516 573 D CryptdConnector: SND -> {1 cryptfs getfield SystemLocale}
09-23 01:55:45.063 516 516 I ActivityManager: Config changes=200 {1.0 ?mcc?mnc [en_US] ldltr sw900dp w1280dp h820dp 320dpi xlrg land finger -keyb/v/h -nav/h s.5}
09-23 01:55:45.066 516 575 D CryptdConnector: RCV <- {113 1 en-US}
09-23 01:55:45.067 516 575 D CryptdConnector: RCV <- {200 1 0}
09-23 01:55:45.067 516 573 D MountService: Got locale en-US from mount service
09-23 01:55:45.069 516 529 I UsageStatsService: User[0] Rollover scheduled @ 2017-09-24 01:55:45(1506218145027)
09-23 01:55:45.069 516 529 I UsageStatsService: User[0] Rolling over usage stats complete. Took 14 milliseconds
09-23 01:55:45.071 516 516 I SystemServer: StartLockSettingsService
09-23 01:55:45.071 516 516 I SystemServiceManager: Starting com.android.server.LockSettingsService$Lifecycle
09-23 01:55:45.074 516 573 D MountService: Setting system properties to en-US from mount service
09-23 01:55:45.078 516 573 W MountService: No primary storage mounted!
09-23 01:55:45.078 516 573 D VoldConnector: SND -> {1 asec list}
09-23 01:55:45.079 516 574 D VoldConnector: RCV <- {200 1 asec operation succeeded}
09-23 01:55:45.079 516 573 I PackageManager: No secure containers found
09-23 01:55:45.079 516 573 W PackageManager: Not granting permission android.permission.MANAGE_DOCUMENTS to package com.google.android.youtube (protectionLevel=2 flags=0x3c59be45)
09-23 01:55:45.079 516 573 W PackageManager: Unknown permission com.google.android.launcher.permission.CONTENT_REDIRECT in package com.google.android.googlequicksearchbox
09-23 01:55:45.079 516 573 W PackageManager: Unknown permission com.google.android.voicesearch.SHORTCUTS_ACCESS in package com.google.android.googlequicksearchbox
09-23 01:55:45.079 516 573 W PackageManager: Unknown permission com.google.android.voicesearch.ACCESS_SETTINGS in package com.google.android.googlequicksearchbox
09-23 01:55:45.079 516 573 W PackageManager: Unknown permission com.android.browser.permission.PRELOAD in package com.google.android.googlequicksearchbox
