09-23 01:55:47.947 611 611 D BluetoothAdapterService: getAdapterService() - returning com.android.bluetooth.btservice.AdapterService@9abbaf9
09-23 01:55:47.947 611 1007 D A2dpStateMachine: Enter Disconnected: -2
09-23 01:55:47.947 611 751 I bt_btif_storage: btif_storage_get_adapter_property service_mask:0x20000008
09-23 01:55:47.949 611 611 D BluetoothPbapReceiver: PbapReceiver onReceive action = android.bluetooth.adapter.action.STATE_CHANGED
09-23 01:55:47.949 611 611 D BluetoothPbapReceiver: state = 11
09-23 01:55:47.950 611 611 I BluetoothHidServiceJni: classInitNative: succeeds
09-23 01:55:47.956 671 671 D BluetoothInputDevice: Proxy object connected
09-23 01:55:47.957 671 671 D HidProfile: Bluetooth service connected
09-23 01:55:47.957 611 611 D BluetoothAdapterService: getAdapterService() - returning com.android.bluetooth.btservice.AdapterService@9abbaf9
09-23 01:55:47.958 611 611 D HidService: Received start request. Starting profile...
09-23 01:55:47.958 611 611 I bt_btif : get_profile_interface hidhost
09-23 01:55:47.958 611 751 I bt_bta_hh: BTA_HhEnable sec_mask:0x36 p_cback:0xcdd4b8a9
09-23 01:55:47.958 611 751 I bt_btif_storage: btif_storage_get_adapter_property service_mask:0x20100008
09-23 01:55:47.958 611 611 D HidService: setHidService(): set to: null
09-23 01:55:47.958 611 611 D BluetoothAdapterService: getAdapterService() - returning com.android.bluetooth.btservice.AdapterService@9abbaf9
09-23 01:55:47.958 611 611 I BluetoothHealthServiceJni: classInitNative: succeeds
09-23 01:55:47.959 611 611 D BluetoothAdapterService: getAdapterService() - returning com.android.bluetooth.btservice.AdapterService@9abbaf9
09-23 01:55:47.959 611 611 D HealthService: Received start request. Starting profile...
09-23 01:55:47.960 611 611 I bt_btif : get_profile_interface health
09-23 01:55:47.960 611 611 D BluetoothAdapterService: getAdapterService() - returning com.android.bluetooth.btservice.AdapterService@9abbaf9
09-23 01:55:47.960 611 611 I BluetoothPanServiceJni: classInitNative(L102): succeeds
09-23 01:55:47.961 671 671 D BluetoothPan: BluetoothPAN Proxy object connected
09-23 01:55:47.961 671 671 D PanProfile: Bluetooth service connected
09-23 01:55:47.961 611 611 D BluetoothAdapterService: getAdapterService() - returning com.android.bluetooth.btservice.AdapterService@9abbaf9
09-23 01:55:47.961 611 611 D PanService: Received start request. Starting profile...
09-23 01:55:47.962 611 611 D BluetoothPanServiceJni: initializeNative(L107): pan
09-23 01:55:47.962 611 611 I bt_btif : get_profile_interface pan
09-23 01:55:47.962 611 751 D BluetoothPanServiceJni: control_state_callback(L61): state:0, local_role:3, ifname:bt-pan
09-23 01:55:47.962 611 611 D BluetoothAdapterService: getAdapterService() - returning com.android.bluetooth.btservice.AdapterService@9abbaf9
09-23 01:55:47.962 611 611 D BluetoothAdapterService: handleMessage() - Message: 1
09-23 01:55:47.962 611 611 D BluetoothAdapterService: handleMessage() - MESSAGE_PROFILE_SERVICE_STATE_CHANGED
09-23 01:55:47.962 611 611 D BluetoothAdapterService: processProfileServiceStateChanged() serviceName=com.android.bluetooth.a2dp.A2dpService, state=12, doUpdate=true
09-23 01:55:47.962 611 611 V BluetoothAdapterState: isTurningOff()=false
09-23 01:55:47.962 611 611 V BluetoothAdapterState: isTurningOn()=true
09-23 01:55:47.962 611 611 V BluetoothAdapterState: isBleTurningOn()=false
09-23 01:55:47.962 611 611 V BluetoothAdapterState: isBleTurningOff()=false
09-23 01:55:47.962 611 611 D BluetoothAdapterService: processProfileServiceStateChanged() - serviceName=com.android.bluetooth.a2dp.A2dpService isTurningOn=true isTurningOff=false isBleTurningOn=false isBleTurningOff=false
09-23 01:55:47.963 611 611 D BluetoothAdapterService: Service: com.android.bluetooth.gatt.GattService
09-23 01:55:47.963 611 611 D BluetoothAdapterService: Skip GATT service - already started before
09-23 01:55:47.963 611 611 D BluetoothAdapterService: Service: com.android.bluetooth.hid.HidService
09-23 01:55:47.963 611 611 D BluetoothAdapterService: onProfileServiceStateChange() - Profile still not running:com.android.bluetooth.hid.HidService
09-23 01:55:47.963 611 611 D BluetoothAdapterService: handleMessage() - Message: 1
09-23 01:55:47.963 611 611 D BluetoothAdapterService: handleMessage() - MESSAGE_PROFILE_SERVICE_STATE_CHANGED
09-23 01:55:47.963 611 611 D BluetoothAdapterService: processProfileServiceStateChanged() serviceName=com.android.bluetooth.hid.HidService, state=12, doUpdate=true
09-23 01:55:47.963 611 611 V BluetoothAdapterState: isTurningOff()=false
09-23 01:55:47.963 611 611 V BluetoothAdapterState: isTurningOn()=true
09-23 01:55:47.963 611 611 V BluetoothAdapterState: isBleTurningOn()=false
09-23 01:55:47.963 611 611 V BluetoothAdapterState: isBleTurningOff()=false
09-23 01:55:47.963 611 611 D BluetoothAdapterService: processProfileServiceStateChanged() - serviceName=com.android.bluetooth.hid.HidService isTurningOn=true isTurningOff=false isBleTurningOn=false isBleTurningOff=false
09-23 01:55:47.963 611 611 D BluetoothAdapterService: Service: com.android.bluetooth.gatt.GattService
09-23 01:55:47.963 611 611 D BluetoothAdapterService: Skip GATT service - already started before
09-23 01:55:47.963 611 611 D BluetoothAdapterService: Service: com.android.bluetooth.hid.HidService
09-23 01:55:47.963 611 611 D BluetoothAdapterService: Service: com.android.bluetooth.hdp.HealthService
09-23 01:55:47.963 611 611 D BluetoothAdapterService: onProfileServiceStateChange() - Profile still not running:com.android.bluetooth.hdp.HealthService
09-23 01:55:47.963 611 611 D BluetoothAdapterService: handleMessage() - Message: 1
09-23 01:55:47.964 611 611 D BluetoothAdapterService: handleMessage() - MESSAGE_PROFILE_SERVICE_STATE_CHANGED
09-23 01:55:47.964 611 611 D BluetoothAdapterService: processProfileServiceStateChanged() serviceName=com.android.bluetooth.hdp.HealthService, state=12, doUpdate=true
09-23 01:55:47.964 611 611 V BluetoothAdapterState: isTurningOff()=false
09-23 01:55:47.964 611 611 V BluetoothAdapterState: isTurningOn()=true
09-23 01:55:47.964 611 611 V BluetoothAdapterState: isBleTurningOn()=false
09-23 01:55:47.964 611 611 V BluetoothAdapterState: isBleTurningOff()=false
09-23 01:55:47.964 611 611 D BluetoothAdapterService: processProfileServiceStateChanged() - serviceName=com.android.bluetooth.hdp.HealthService isTurningOn=true isTurningOff=false isBleTurningOn=false isBleTurningOff=false
09-23 01:55:47.964 611 611 D BluetoothAdapterService: Service: com.android.bluetooth.gatt.GattService
09-23 01:55:47.964 611 611 D BluetoothAdapterService: Skip GATT service - already started before
09-23 01:55:47.964 611 611 D BluetoothAdapterService: Service: com.android.bluetooth.hid.HidService
09-23 01:55:47.964 611 611 D BluetoothAdapterService: Service: com.android.bluetooth.hdp.HealthService
09-23 01:55:47.964 611 611 D BluetoothAdapterService: Service: com.android.bluetooth.pan.PanService
09-23 01:55:47.964 611 611 D BluetoothAdapterService: onProfileServiceStateChange() - Profile still not running:com.android.bluetooth.pan.PanService
09-23 01:55:47.965 611 611 D BluetoothAdapterService: handleMessage() - Message: 1
09-23 01:55:47.965 611 611 D BluetoothAdapterService: handleMessage() - MESSAGE_PROFILE_SERVICE_STATE_CHANGED
09-23 01:55:47.966 611 611 D BluetoothAdapterService: processProfileServiceStateChanged() serviceName=com.android.bluetooth.pan.PanService, state=12, doUpdate=true
09-23 01:55:47.966 611 611 V BluetoothAdapterState: isTurningOff()=false
09-23 01:55:47.966 611 611 V BluetoothAdapterState: isTurningOn()=true
09-23 01:55:47.966 611 611 V BluetoothAdapterState: isBleTurningOn()=false
09-23 01:55:47.966 611 611 V BluetoothAdapterState: isBleTurningOff()=false
09-23 01:55:47.966 611 611 D BluetoothAdapterService: processProfileServiceStateChanged() - serviceName=com.android.bluetooth.pan.PanService isTurningOn=true isTurningOff=false isBleTurningOn=false isBleTurningOff=false
09-23 01:55:47.966 611 611 D BluetoothAdapterService: Service: com.android.bluetooth.gatt.GattService
09-23 01:55:47.966 611 611 D BluetoothAdapterService: Skip GATT service - already started before
09-23 01:55:47.966 611 611 D BluetoothAdapterService: Service: com.android.bluetooth.hid.HidService
09-23 01:55:47.966 611 611 D BluetoothAdapterService: Service: com.android.bluetooth.hdp.HealthService
09-23 01:55:47.966 611 611 D BluetoothAdapterService: Service: com.android.bluetooth.pan.PanService
09-23 01:55:47.966 611 611 D BluetoothAdapterService: Service: com.android.bluetooth.a2dp.A2dpService
09-23 01:55:47.966 611 611 D BluetoothAdapterService: onProfileServiceStateChange() - All profile services started.
09-23 01:55:47.966 611 740 D BluetoothAdapterState: Current state: PENDING_COMMAND, message: 2
09-23 01:55:47.966 611 740 D BluetoothAdapterProperties: ScanMode = 20
09-23 01:55:47.966 611 740 D BluetoothAdapterProperties: State = 11
09-23 01:55:47.967 611 740 D BluetoothAdapterProperties: Setting state to 12
09-23 01:55:47.967 611 740 I BluetoothAdapterState: Bluetooth adapter state changed: 11-> 12
09-23 01:55:47.967 611 740 D BluetoothAdapterService: updateAdapterState() - Broadcasting state to 1 receivers.
09-23 01:55:47.968 516 536 D BluetoothManagerService: MESSAGE_BLUETOOTH_STATE_CHANGE: TURNING_ON > ON
09-23 01:55:47.968 516 536 D BluetoothManagerService: Broadcasting onBluetoothStateChange(true) to 9 receivers.
09-23 01:55:47.968 754 776 D BluetoothHeadset: onBluetoothStateChange: up=true
09-23 01:55:47.968 611 751 D BluetoothAdapterProperties: Scan Mode:21
09-23 01:55:47.968 611 751 D BluetoothAdapterProperties: Discoverable Timeout:120
09-23 01:55:47.968 516 536 D BluetoothManagerService: Creating new ProfileServiceConnections object for profile: 1
09-23 01:55:47.968 516 536 E BluetoothManagerService: Fail to bind to: Intent { act=android.bluetooth.IBluetoothHeadset }
09-23 01:55:47.968 516 536 W BluetoothManagerService: Unable to bind with intent: Intent { act=android.bluetooth.IBluetoothHeadset }
09-23 01:55:47.969 516 536 D BluetoothHeadset: onBluetoothStateChange: up=true
09-23 01:55:47.969 516 536 D BluetoothManagerService: Creating new ProfileServiceConnections object for profile: 1
09-23 01:55:47.969 516 536 E BluetoothManagerService: Fail to bind to: Intent { act=android.bluetooth.IBluetoothHeadset }
09-23 01:55:47.969 516 536 W BluetoothManagerService: Unable to bind with intent: Intent { act=android.bluetooth.IBluetoothHeadset }
09-23 01:55:47.969 516 536 D BluetoothHeadset: onBluetoothStateChange: up=true
09-23 01:55:47.969 516 536 D BluetoothManagerService: Creating new ProfileServiceConnections object for profile: 1
09-23 01:55:47.969 516 536 E BluetoothManagerService: Fail to bind to: Intent { act=android.bluetooth.IBluetoothHeadset }
09-23 01:55:47.969 516 536 W BluetoothManagerService: Unable to bind with intent: Intent { act=android.bluetooth.IBluetoothHeadset }
09-23 01:55:47.969 611 740 I BluetoothAdapterState: Entering OnState
09-23 01:55:47.969 671 692 D BluetoothPbap: onBluetoothStateChange: up=true
09-23 01:55:47.969 611 740 D BluetoothAdapterService: updateUuids() - Updating UUIDs for bonded devices
09-23 01:55:47.971 671 690 D BluetoothInputDevice: onBluetoothStateChange: up=true
09-23 01:55:47.971 516 536 D BluetoothA2dp: onBluetoothStateChange: up=true
09-23 01:55:47.971 671 694 D BluetoothMap: onBluetoothStateChange: up=true
09-23 01:55:47.971 671 694 E BluetoothMap: Could not bind to Bluetooth MAP Service with Intent { act=android.bluetooth.IBluetoothMap }
09-23 01:55:47.972 611 740 D BluetoothAdapterService: isQuetModeEnabled() - Enabled = false
09-23 01:55:47.972 611 740 D BluetoothAdapterService: autoConnect() - Initiate auto connection on BT on...
09-23 01:55:47.972 516 536 D BluetoothHeadset: onBluetoothStateChange: up=true
09-23 01:55:47.972 516 536 D BluetoothManagerService: Creating new ProfileServiceConnections object for profile: 1
09-23 01:55:47.973 516 536 E BluetoothManagerService: Fail to bind to: Intent { act=android.bluetooth.IBluetoothHeadset }
09-23 01:55:47.973 516 536 W BluetoothManagerService: Unable to bind with intent: Intent { act=android.bluetooth.IBluetoothHeadset }
09-23 01:55:47.974 611 740 D A2dpSinkService: getA2dpSinkService(): service is NULL
09-23 01:55:47.974 671 692 D BluetoothPan: onBluetoothStateChange on: true
09-23 01:55:47.975 516 536 D BluetoothManagerService: Sending BLE State Change: TURNING_ON > ON
09-23 01:55:47.975 516 516 I Telecom : BluetoothPhoneService: queryPhoneState: BPSI.qPS@AAk
09-23 01:55:47.976 611 611 D BluetoothPbapReceiver: PbapReceiver onReceive action = android.bluetooth.adapter.action.STATE_CHANGED
09-23 01:55:47.976 611 611 D BluetoothPbapReceiver: state = 12
09-23 01:55:47.976 611 611 D BluetoothPbapReceiver: Calling start service with action = null
09-23 01:55:47.982 671 943 D LocalBluetoothProfileManager: Adding local A2DP SRC profile
09-23 01:55:47.984 771 771 W ContextImpl: Calling a method in the system process without a qualified user: android.app.ContextImpl.startService:1357 android.content.ContextWrapper.startService:613 android.content.ContextWrapper.startService:613 com.android.settings.bluetooth.DockEventReceiver.beginStartingService:134 com.android.settings.bluetooth.DockEventReceiver.onReceive:115
09-23 01:55:47.991 671 671 D BluetoothPbap: Proxy object connected
09-23 01:55:47.992 671 671 D PbapServerProfile: Bluetooth service connected
09-23 01:55:47.994 671 943 D LocalBluetoothProfileManager: Handsfree Uuid not found.
09-23 01:55:47.994 671 671 D BluetoothA2dp: Proxy object connected
09-23 01:55:48.011 611 1019 W BluetoothAdapter: getBluetoothService() called with no BluetoothManagerCallback
09-23 01:55:48.013 771 771 D LocalBluetoothProfileManager: Adding local A2DP SRC profile
09-23 01:55:48.021 771 771 D LocalBluetoothProfileManager: Handsfree Uuid not found.
09-23 01:55:48.022 611 1023 W BluetoothAdapter: getBluetoothService() called with no BluetoothManagerCallback
09-23 01:55:48.029 611 1023 I BtOppRfcommListener: Accept thread started.
09-23 01:55:48.029 771 771 D LocalBluetoothProfileManager: Adding local MAP profile
09-23 01:55:48.029 771 771 D BluetoothMap: Create BluetoothMap proxy object
09-23 01:55:48.030 771 771 E BluetoothMap: Could not bind to Bluetooth MAP Service with Intent { act=android.bluetooth.IBluetoothMap }
09-23 01:55:48.035 771 771 D LocalBluetoothProfileManager: LocalBluetoothProfileManager construction complete
09-23 01:55:48.039 771 771 D DockEventReceiver: finishStartingService: stopping service
09-23 01:55:48.041 771 771 D BluetoothA2dp: Proxy object connected
09-23 01:55:48.043 771 771 D BluetoothInputDevice: Proxy object connected
09-23 01:55:48.043 771 771 D HidProfile: Bluetooth service connected
09-23 01:55:48.045 771 771 D BluetoothPan: BluetoothPAN Proxy object connected
09-23 01:55:48.045 771 771 D PanProfile: Bluetooth service connected
09-23 01:55:48.046 771 771 D BluetoothPbap: Proxy object connected
09-23 01:55:48.046 771 771 D PbapServerProfile: Bluetooth service connected
09-23 01:55:48.494 516 537 W WindowManager: App freeze timeout expired.
09-23 01:55:52.058 163 163 W auditd : type=1404 audit(0.0:4): enforcing=0 old_enforcing=1 auid=4294967295 ses=4294967295
--------- beginning of main
11-03 02:59:48.505 8049 8049 I stagefright: type=1400 audit(0.0:130): avc: denied { read } for path="/data/data/test1.mp4" dev="sda35" ino=868967 scontext=u:r:drmserver:s0 tcontext=u:object_r:system_data_file:s0 tclass=file permissive=1
11-03 02:59:48.505 3939 3939 I chatty : uid=10040(u0_a40) com.google.android.setupwizard expire 52528 lines
11-03 02:59:48.559 8049 8054 I OMXClient: Treble IOmx obtained
--------- beginning of crash
11-03 02:59:48.892 6371 8072 F DEBUG : *** *** *** *** *** *** *** *** *** *** *** *** *** *** *** ***
11-03 02:59:48.892 6371 8072 F DEBUG : Build fingerprint: 'google/marlin/marlin:8.0.0/OC/mspect11021711:userdebug/dev-keys'
11-03 02:59:48.892 6371 8072 F DEBUG : Revision: '0'
11-03 02:59:48.892 6371 8072 F DEBUG : ABI: 'arm'
11-03 02:59:48.892 6371 8072 F DEBUG : pid: 6371, tid: 8072, name: media.codec >>> omx@1.0-service <<<
11-03 02:59:48.892 6371 8072 F DEBUG : signal 11 (SIGSEGV), code 1 (SEGV_MAPERR), fault addr 0xed000000
11-03 02:59:48.900 6371 8072 F DEBUG : r0 ecffdba0 r1 ed000000 r2 d44854c0 r3 00000070
11-03 02:59:48.900 6371 8072 F DEBUG : r4 00000070 r5 000021a0 r6 00000070 r7 00000070
11-03 02:59:48.900 6371 8072 F DEBUG : r8 00000040 r9 ffc2b278 sl ffffde70 fp 00000060
11-03 02:59:48.900 6371 8072 F DEBUG : ip ffffffa0 sp d2fff620 lr 00004308 pc ed1c0e7c cpsr a00f0010
11-03 02:59:48.901 6371 8072 F DEBUG :
11-03 02:59:48.901 6371 8072 F DEBUG : backtrace:
11-03 02:59:48.901 6371 8072 F DEBUG : #00 pc 00034e7c /system/lib/libstagefright_soft_hevcdec.so
--------- beginning of system
11-03 02:59:48.905 1135 1155 I BootReceiver: Copying /data/tombstones/tombstone_03 to DropBox (SYSTEM_TOMBSTONE)
11-03 02:59:49.002 1135 1135 W WindowManager: removeWindowToken: Attempted to remove non-existing token: android.os.Binder@6959a9f
11-03 02:59:50.607 3939 3939 E MediaPlayerNative: error (-38, 0)
11-03 02:59:50.616 3939 3939 E MediaPlayerNative: Attempt to perform seekTo in wrong state: mPlayer=0x7cf19ec840, mCurrentState=0
11-03 02:59:50.625 3939 3939 E MediaPlayer: Error (-38,0)
11-03 02:59:50.635 3939 3939 E MediaPlayerNative: error (-38, 0)
11-03 02:59:50.644 3939 3939 E MediaPlayerNative: Attempt to perform seekTo in wrong state: mPlayer=0x7cf19ec840, mCurrentState=0
11-03 02:59:50.654 3939 3939 E MediaPlayer: Error (-38,0)
11-03 02:59:50.663 3939 3939 E MediaPlayerNative: error (-38, 0)
11-03 02:59:50.672 3939 3939 E MediaPlayerNative: Attempt to perform seekTo in wrong state: mPlayer=0x7cf19ec840, mCurrentState=0
11-03 02:59:50.682 3939 3939 E MediaPlayer: Error (-38,0)
11-03 02:59:50.691 3939 3939 E MediaPlayerNative: error (-38, 0)
11-03 02:59:50.691 3939 3939 E MediaPlayer: Error (-38,0)
11-03 02:59:50.692 3939 3939 E MediaPlayerNative: Attempt to perform seekTo in wrong state: mPlayer=0x7cf19ec840, mCurrentState=0
11-03 02:59:50.692 3939 3939 E MediaPlayerNative: error (-38, 0)
11-03 02:59:50.692 3939 3939 E MediaPlayer: Error (-38,0)
11-03 02:59:50.692 3939 3939 E MediaPlayerNative: Attempt to perform seekTo in wrong state: mPlayer=0x7cf19ec840, mCurrentState=0
11-03 02:59:50.692 3939 3939 E MediaPlayerNative: error (-38, 0)
11-03 02:59:50.701 3939 3939 E MediaPlayerNative: Attempt to perform seekTo in wrong state: mPlayer=0x7cf19ec840, mCurrentState=0
11-03 02:59:50.711 3939 3939 E MediaPlayerNative: error (-38, 0)
11-03 02:59:50.720 3939 3939 E MediaPlayerNative: error (-38, 0)
11-03 02:59:50.729 3939 3939 E MediaPlayer: Error (-38,0)
11-03 02:59:50.738 3939 3939 E MediaPlayerNative: Attempt to perform seekTo in wrong state: mPlayer=0x7cf19ec840, mCurrentState=0
11-03 02:59:50.748 3939 3939 E MediaPlayer: Error (-38,0)
11-03 02:59:50.757 3939 3939 E MediaPlayerNative: error (-38, 0)
11-03 02:59:50.766 3939 3939 E MediaPlayerNative: Attempt to perform seekTo in wrong state: mPlayer=0x7cf19ec840, mCurrentState=0
11-03 02:59:50.775 3939 3939 E MediaPlayer: Error (-38,0)
11-03 02:59:50.785 3939 3939 E MediaPlayerNative: error (-38, 0)
11-03 02:59:50.794 3939 3939 E MediaPlayerNative: Attempt to perform seekTo in wrong state: mPlayer=0x7cf19ec840, mCurrentState=0
11-03 02:59:50.804 3939 3939 E MediaPlayer: Error (-38,0)
11-03 02:59:50.813 3939 3939 E MediaPlayerNative: error (-38, 0)
11-03 02:59:50.822 3939 3939 E MediaPlayerNative: Attempt to perform seekTo in wrong state: mPlayer=0x7cf19ec840, mCurrentState=0
11-03 02:59:50.832 3939 3939 E MediaPlayer: Error (-38,0)
11-03 02:59:50.841 3939 3939 E MediaPlayerNative: error (-38, 0)
11-03 02:59:50.850 3939 3939 E MediaPlayerNative: Attempt to perform seekTo in wrong state: mPlayer=0x7cf19ec840, mCurrentState=0
11-03 02:59:50.860 3939 3939 E MediaPlayer: Error (-38,0)
11-03 02:59:50.869 3939 3939 E MediaPlayerNative: error (-38, 0)
11-03 02:59:50.879 3939 3939 E MediaPlayerNative: Attempt to perform seekTo in wrong state: mPlayer=0x7cf19ec840, mCurrentState=0
11-03 02:59:50.888 3939 3939 E MediaPlayer: Error (-38,0)
11-03 02:59:50.897 3939 3939 E MediaPlayerNative: error (-38, 0)
11-03 02:59:50.906 3939 3939 E MediaPlayerNative: Attempt to perform seekTo in wrong state: mPlayer=0x7cf19ec840, mCurrentState=0
11-03 02:59:50.916 3939 3939 E MediaPlayer: Error (-38,0)
11-03 02:59:50.925 3939 3939 E MediaPlayerNative: error (-38, 0)
11-03 02:59:50.935 3939 3939 E MediaPlayerNative: Attempt to perform seekTo in wrong state: mPlayer=0x7cf19ec840, mCurrentState=0
11-03 02:59:50.944 3939 3939 E MediaPlayer: Error (-38,0)
11-03 02:59:50.953 3939 3939 E MediaPlayerNative: error (-38, 0)
11-03 02:59:50.963 3939 3939 E MediaPlayerNative: Attempt to perform seekTo in wrong state: mPlayer=0x7cf19ec840, mCurrentState=0
11-03 02:59:50.972 3939 3939 E MediaPlayer: Error (-38,0)
11-03 02:59:50.982 3939 3939 E MediaPlayerNative: error (-38, 0)
11-03 02:59:50.991 3939 3939 E MediaPlayerNative: Attempt to perform seekTo in wrong state: mPlayer=0x7cf19ec840, mCurrentState=0
11-03 02:59:51.000 3939 3939 E MediaPlayer: Error (-38,0)
11-03 02:59:51.000 3939 3939 E MediaPlayerNative: Attempt to perform seekTo in wrong state: mPlayer=0x7cf19ec840, mCurrentState=0
11-03 02:59:51.000 3939 3939 E MediaPlayerNative: error (-38, 0)
11-03 02:59:51.010 3939 3939 E MediaPlayerNative: Attempt to perform seekTo in wrong state: mPlayer=0x7cf19ec840, mCurrentState=0
11-03 02:59:51.010 3939 3939 E MediaPlayerNative: error (-38, 0)
11-03 02:59:51.010 3939 3939 E MediaPlayer: Error (-38,0)
11-03 02:59:51.010 3939 3939 E MediaPlayerNative: Attempt to perform seekTo in wrong state: mPlayer=0x7cf19ec840, mCurrentState=0
11-03 02:59:51.010 3939 3939 E MediaPlayerNative: error (-38, 0)
11-03 02:59:51.010 3939 3939 E MediaPlayer: Error (-38,0)
11-03 02:59:51.010 3939 3939 E MediaPlayerNative: Attempt to perform seekTo in wrong state: mPlayer=0x7cf19ec840, mCurrentState=0
11-03 02:59:51.010 3939 3939 E MediaPlayerNative: error (-38, 0)
11-03 02:59:51.010 3939 3939 E MediaPlayer: Error (-38,0)
11-03 02:59:51.019 3939 3939 E MediaPlayerNative: error (-38, 0)
11-03 02:59:51.020 3939 3939 E MediaPlayer: Error (-38,0)
11-03 02:59:51.020 3939 3939 E MediaPlayerNative: Attempt to perform seekTo in wrong state: mPlayer=0x7cf19ec840, mCurrentState=0
11-03 02:59:51.020 3939 3939 E MediaPlayerNative: error (-38, 0)
11-03 02:59:51.020 3939 3939 E MediaPlayer: Error (-38,0)
11-03 02:59:51.020 3939 3939 E MediaPlayerNative: Attempt to perform seekTo in wrong state: mPlayer=0x7cf19ec840, mCurrentState=0
11-03 02:59:51.020 3939 3939 E MediaPlayerNative: error (-38, 0)
11-03 02:59:51.020 3939 3939 E MediaPlayer: Error (-38,0)
11-03 02:59:51.020 3939 3939 E MediaPlayerNative: Attempt to perform seekTo in wrong state: mPlayer=0x7cf19ec840, mCurrentState=0
11-03 02:59:51.020 3939 3939 E MediaPlayerNative: error (-38, 0)
11-03 02:59:51.020 3939 3939 E MediaPlayer: Error (-38,0)
11-03 02:59:51.020 3939 3939 E MediaPlayerNative: Attempt to perform seekTo in wrong state: mPlayer=0x7cf19ec840, mCurrentState=0
11-03 02:59:51.020 3939 3939 E MediaPlayerNative: error (-38, 0)
11-03 02:59:51.020 3939 3939 E MediaPlayer: Error (-38,0)
11-03 02:59:51.020 3939 3939 E MediaPlayerNative: Attempt to perform seekTo in wrong state: mPlayer=0x7cf19ec840, mCurrentState=0
11-03 02:59:51.020 3939 3939 E MediaPlayerNative: error (-38, 0)
11-03 02:59:51.020 3939 3939 E MediaPlayer: Error (-38,0)
11-03 02:59:51.020 3939 3939 E MediaPlayerNative: Attempt to perform seekTo in wrong state: mPlayer=0x7cf19ec840, mCurrentState=0
11-03 02:59:51.020 3939 3939 E MediaPlayerNative: error (-38, 0)
11-03 02:59:51.020 3939 3939 E MediaPlayer: Error (-38,0)
11-03 02:59:51.020 3939 3939 E MediaPlayerNative: Attempt to perform seekTo in wrong state: mPlayer=0x7cf19ec840, mCurrentState=0
11-03 02:59:51.020 3939 3939 E MediaPlayerNative: error (-38, 0)
11-03 02:59:51.020 3939 3939 E MediaPlayer: Error (-38,0)
11-03 02:59:51.020 3939 3939 E MediaPlayerNative: Attempt to perform seekTo in wrong state: mPlayer=0x7cf19ec840, mCurrentState=0
11-03 02:59:51.020 3939 3939 E MediaPlayerNative: error (-38, 0)
11-03 02:59:51.020 3939 3939 E MediaPlayer: Error (-38,0)
11-03 02:59:51.020 3939 3939 E MediaPlayerNative: Attempt to perform seekTo in wrong state: mPlayer=0x7cf19ec840, mCurrentState=0
11-03 02:59:51.020 3939 3939 E MediaPlayerNative: error (-38, 0)
11-03 02:59:51.021 3939 3939 E MediaPlayer: Error (-38,0)
11-03 02:59:51.021 3939 3939 E MediaPlayerNative: Attempt to perform seekTo in wrong state: mPlayer=0x7cf19ec840, mCurrentState=0
11-03 02:59:51.021 3939 3939 E MediaPlayerNative: error (-38, 0)
11-03 02:59:51.021 3939 3939 E MediaPlayer: Error (-38,0)
11-03 02:59:51.021 3939 3939 E MediaPlayerNative: Attempt to perform seekTo in wrong state: mPlayer=0x7cf19ec840, mCurrentState=0
11-03 02:59:51.021 3939 3939 E MediaPlayerNative: error (-38, 0)
11-03 02:59:51.021 3939 3939 E MediaPlayer: Error (-38,0)
11-03 02:59:51.021 3939 3939 E MediaPlayerNative: Attempt to perform seekTo in wrong state: mPlayer=0x7cf19ec840, mCurrentState=0
11-03 02:59:51.021 3939 3939 E MediaPlayerNative: error (-38, 0)
11-03 02:59:51.021 3939 3939 E MediaPlayer: Error (-38,0)
11-03 02:59:51.021 3939 3939 E MediaPlayerNative: Attempt to perform seekTo in wrong state: mPlayer=0x7cf19ec840, mCurrentState=0
11-03 02:59:51.021 3939 3939 E MediaPlayerNative: error (-38, 0)
11-03 02:59:51.021 3939 3939 E MediaPlayer: Error (-38,0)
11-03 02:59:51.021 3939 3939 E MediaPlayerNative: Attempt to perform seekTo in wrong state: mPlayer=0x7cf19ec840, mCurrentState=0
11-03 02:59:51.021 3939 3939 E MediaPlayerNative: error (-38, 0)
11-03 02:59:51.021 3939 3939 E MediaPlayer: Error (-38,0)
11-03 02:59:51.021 3939 3939 E MediaPlayerNative: Attempt to perform seekTo in wrong state: mPlayer=0x7cf19ec840, mCurrentState=0
11-03 02:59:51.021 3939 3939 E MediaPlayerNative: error (-38, 0)
11-03 02:59:51.021 3939 3939 E MediaPlayer: Error (-38,0)
11-03 02:59:51.021 3939 3939 E MediaPlayerNative: Attempt to perform seekTo in wrong state: mPlayer=0x7cf19ec840, mCurrentState=0
11-03 02:59:51.021 3939 3939 E MediaPlayerNative: error (-38, 0)
11-03 02:59:51.021 3939 3939 E MediaPlayer: Error (-38,0)
11-03 02:59:51.021 3939 3939 E MediaPlayerNative: Attempt to perform seekTo in wrong state: mPlayer=0x7cf19ec840, mCurrentState=0
11-03 02:59:51.021 3939 3939 E MediaPlayerNative: error (-38, 0)
11-03 02:59:51.021 3939 3939 E MediaPlayer: Error (-38,0)
11-03 02:59:51.022 3939 3939 E MediaPlayerNative: Attempt to perform seekTo in wrong state: mPlayer=0x7cf19ec840, mCurrentState=0
11-03 02:59:51.022 3939 3939 E MediaPlayerNative: error (-38, 0)
11-03 02:59:51.022 3939 3939 E MediaPlayer: Error (-38,0)
11-03 02:59:51.022 3939 3939 E MediaPlayerNative: Attempt to perform seekTo in wrong state: mPlayer=0x7cf19ec840, mCurrentState=0
11-03 02:59:51.022 3939 3939 E MediaPlayerNative: error (-38, 0)
11-03 02:59:51.022 3939 3939 E MediaPlayer: Error (-38,0)
11-03 02:59:51.022 3939 3939 E MediaPlayerNative: Attempt to perform seekTo in wrong state: mPlayer=0x7cf19ec840, mCurrentState=0
11-03 02:59:51.022 3939 3939 E MediaPlayerNative: error (-38, 0)
11-03 02:59:51.022 3939 3939 E MediaPlayer: Error (-38,0)
11-03 02:59:51.022 3939 3939 E MediaPlayerNative: Attempt to perform seekTo in wrong state: mPlayer=0x7cf19ec840, mCurrentState=0
11-03 02:59:51.022 3939 3939 E MediaPlayerNative: error (-38, 0)
11-03 02:59:51.022 3939 3939 E MediaPlayer: Error (-38,0)
11-03 02:59:51.022 3939 3939 E MediaPlayerNative: Attempt to perform seekTo in wrong state: mPlayer=0x7cf19ec840, mCurrentState=0
11-03 02:59:51.022 3939 3939 E MediaPlayerNative: error (-38, 0)
11-03 02:59:51.022 3939 3939 E MediaPlayer: Error (-38,0)
11-03 02:59:51.022 3939 3939 E MediaPlayerNative: Attempt to perform seekTo in wrong state: mPlayer=0x7cf19ec840, mCurrentState=0
11-03 02:59:51.031 3939 3939 E MediaPlayer: Error (-38,0)
11-03 02:59:51.042 3939 3939 E MediaPlayerNative: error (-38, 0)
11-03 02:59:51.054 3939 3939 E MediaPlayerNative: Attempt to perform seekTo in wrong state: mPlayer=0x7cf19ec840, mCurrentState=0
11-03 02:59:51.054 3939 3939 E MediaPlayerNative: error (-38, 0)
11-03 02:59:51.054 3939 3939 E MediaPlayer: Error (-38,0)
11-03 02:59:51.054 3939 3939 E MediaPlayerNative: Attempt to perform seekTo in wrong state: mPlayer=0x7cf19ec840, mCurrentState=0
11-03 02:59:51.054 3939 3939 E MediaPlayerNative: error (-38, 0)
11-03 02:59:51.055 3939 3939 E MediaPlayer: Error (-38,0)
11-03 02:59:51.055 3939 3939 E MediaPlayerNative: Attempt to perform seekTo in wrong state: mPlayer=0x7cf19ec840, mCurrentState=0
11-03 02:59:51.055 3939 3939 E MediaPlayerNative: error (-38, 0)
11-03 02:59:51.055 3939 3939 E MediaPlayer: Error (-38,0)
11-03 02:59:51.055 3939 3939 E MediaPlayerNative: Attempt to perform seekTo in wrong state: mPlayer=0x7cf19ec840, mCurrentState=0
11-03 02:59:51.055 3939 3939 E MediaPlayerNative: error (-38, 0)
11-03 02:59:51.055 3939 3939 E MediaPlayer: Error (-38,0)
11-03 02:59:51.055 3939 3939 E MediaPlayerNative: Attempt to perform seekTo in wrong state: mPlayer=0x7cf19ec840, mCurrentState=0
11-03 02:59:51.055 3939 3939 E MediaPlayerNative: error (-38, 0)
11-03 02:59:51.055 3939 3939 E MediaPlayer: Error (-38,0)
11-03 02:59:51.055 3939 3939 E MediaPlayerNative: Attempt to perform seekTo in wrong state: mPlayer=0x7cf19ec840, mCurrentState=0
11-03 02:59:51.055 3939 3939 E MediaPlayerNative: error (-38, 0)
11-03 02:59:51.055 3939 3939 E MediaPlayer: Error (-38,0)
11-03 02:59:51.055 3939 3939 E MediaPlayerNative: Attempt to perform seekTo in wrong state: mPlayer=0x7cf19ec840, mCurrentState=0
11-03 02:59:51.055 3939 3939 E MediaPlayerNative: error (-38, 0)
11-03 02:59:51.056 3939 3939 E MediaPlayer: Error (-38,0)
11-03 02:59:51.056 3939 3939 E MediaPlayerNative: Attempt to perform seekTo in wrong state: mPlayer=0x7cf19ec840, mCurrentState=0
11-03 02:59:51.056 3939 3939 E MediaPlayerNative: error (-38, 0)
11-03 02:59:51.056 3939 3939 E MediaPlayer: Error (-38,0)
11-03 02:59:51.056 3939 3939 E MediaPlayerNative: Attempt to perform seekTo in wrong state: mPlayer=0x7cf19ec840, mCurrentState=0
11-03 02:59:51.056 3939 3939 E MediaPlayerNative: error (-38, 0)
11-03 02:59:51.056 3939 3939 E MediaPlayer: Error (-38,0)
11-03 02:59:51.056 3939 3939 E MediaPlayerNative: Attempt to perform seekTo in wrong state: mPlayer=0x7cf19ec840, mCurrentState=0
11-03 02:59:51.056 3939 3939 E MediaPlayerNative: error (-38, 0)
11-03 02:59:51.056 3939 3939 E MediaPlayer: Error (-38,0)
11-03 02:59:51.056 3939 3939 E MediaPlayerNative: Attempt to perform seekTo in wrong state: mPlayer=0x7cf19ec840, mCurrentState=0
11-03 02:59:51.056 3939 3939 E MediaPlayerNative: error (-38, 0)
11-03 02:59:51.056 3939 3939 E MediaPlayer: Error (-38,0)
11-03 02:59:51.056 3939 3939 E MediaPlayerNative: Attempt to perform seekTo in wrong state: mPlayer=0x7cf19ec840, mCurrentState=0
11-03 02:59:51.056 3939 3939 E MediaPlayerNative: error (-38, 0)
11-03 02:59:51.056 3939 3939 E MediaPlayer: Error (-38,0)
11-03 02:59:51.056 3939 3939 E MediaPlayerNative: Attempt to perform seekTo in wrong state: mPlayer=0x7cf19ec840, mCurrentState=0
11-03 02:59:51.056 3939 3939 E MediaPlayerNative: error (-38, 0)
11-03 02:59:51.056 3939 3939 E MediaPlayer: Error (-38,0)
11-03 02:59:51.056 3939 3939 E MediaPlayerNative: Attempt to perform seekTo in wrong state: mPlayer=0x7cf19ec840, mCurrentState=0
11-03 02:59:51.056 3939 3939 E MediaPlayerNative: error (-38, 0)
11-03 02:59:51.057 3939 3939 E MediaPlayer: Error (-38,0)
11-03 02:59:51.057 3939 3939 E MediaPlayerNative: Attempt to perform seekTo in wrong state: mPlayer=0x7cf19ec840, mCurrentState=0
11-03 02:59:51.057 3939 3939 E MediaPlayerNative: error (-38, 0)
11-03 02:59:51.057 3939 3939 E MediaPlayer: Error (-38,0)
11-03 02:59:51.057 3939 3939 E MediaPlayerNative: Attempt to perform seekTo in wrong state: mPlayer=0x7cf19ec840, mCurrentState=0
11-03 02:59:51.057 3939 3939 E MediaPlayerNative: error (-38, 0)
11-03 02:59:51.057 3939 3939 E MediaPlayer: Error (-38,0)
11-03 02:59:51.057 3939 3939 E MediaPlayerNative: Attempt to perform seekTo in wrong state: mPlayer=0x7cf19ec840, mCurrentState=0
11-03 02:59:51.057 3939 3939 E MediaPlayerNative: error (-38, 0)
11-03 02:59:51.057 3939 3939 E MediaPlayer: Error (-38,0)
11-03 02:59:51.057 3939 3939 E MediaPlayerNative: Attempt to perform seekTo in wrong state: mPlayer=0x7cf19ec840, mCurrentState=0
11-03 02:59:51.057 3939 3939 E MediaPlayerNative: error (-38, 0)
11-03 02:59:51.057 3939 3939 E MediaPlayer: Error (-38,0)
11-03 02:59:51.057 3939 3939 E MediaPlayerNative: Attempt to perform seekTo in wrong state: mPlayer=0x7cf19ec840, mCurrentState=0
11-03 02:59:51.057 3939 3939 E MediaPlayerNative: error (-38, 0)
11-03 02:59:51.057 3939 3939 E MediaPlayer: Error (-38,0)
11-03 02:59:51.057 3939 3939 E MediaPlayerNative: Attempt to perform seekTo in wrong state: mPlayer=0x7cf19ec840, mCurrentState=0
11-03 02:59:51.057 3939 3939 E MediaPlayerNative: error (-38, 0)
11-03 02:59:51.057 3939 3939 E MediaPlayer: Error (-38,0)
11-03 02:59:51.057 3939 3939 E MediaPlayerNative: Attempt to perform seekTo in wrong state: mPlayer=0x7cf19ec840, mCurrentState=0
11-03 02:59:51.057 3939 3939 E MediaPlayerNative: error (-38, 0)
11-03 02:59:51.058 3939 3939 E MediaPlayer: Error (-38,0)
11-03 02:59:51.058 3939 3939 E MediaPlayerNative: Attempt to perform seekTo in wrong state: mPlayer=0x7cf19ec840, mCurrentState=0
11-03 02:59:51.058 3939 3939 E MediaPlayerNative: error (-38, 0)
11-03 02:59:51.058 3939 3939 E MediaPlayer: Error (-38,0)
11-03 02:59:51.058 3939 3939 E MediaPlayerNative: Attempt to perform seekTo in wrong state: mPlayer=0x7cf19ec840, mCurrentState=0
11-03 02:59:51.058 3939 3939 E MediaPlayerNative: error (-38, 0)
11-03 02:59:51.058 3939 3939 E MediaPlayer: Error (-38,0)
11-03 02:59:51.058 3939 3939 E MediaPlayerNative: Attempt to perform seekTo in wrong state: mPlayer=0x7cf19ec840, mCurrentState=0
11-03 02:59:51.058 3939 3939 E MediaPlayerNative: error (-38, 0)
11-03 02:59:51.058 3939 3939 E MediaPlayer: Error (-38,0)
11-03 02:59:51.058 3939 3939 E MediaPlayerNative: Attempt to perform seekTo in wrong state: mPlayer=0x7cf19ec840, mCurrentState=0
11-03 02:59:51.058 3939 3939 E MediaPlayerNative: error (-38, 0)
11-03 02:59:51.058 3939 3939 E MediaPlayer: Error (-38,0)
11-03 02:59:51.058 3939 3939 E MediaPlayerNative: Attempt to perform seekTo in wrong state: mPlayer=0x7cf19ec840, mCurrentState=0
11-03 02:59:51.058 3939 3939 E MediaPlayerNative: error (-38, 0)
11-03 02:59:51.058 3939 3939 E MediaPlayer: Error (-38,0)
11-03 02:59:51.058 3939 3939 E MediaPlayerNative: Attempt to perform seekTo in wrong state: mPlayer=0x7cf19ec840, mCurrentState=0
11-03 02:59:51.058 3939 3939 E MediaPlayerNative: error (-38, 0)
11-03 02:59:51.058 3939 3939 E MediaPlayer: Error (-38,0)
11-03 02:59:51.059 3939 3939 E MediaPlayerNative: Attempt to perform seekTo in wrong state: mPlayer=0x7cf19ec840, mCurrentState=0
11-03 02:59:51.059 3939 3939 E MediaPlayerNative: error (-38, 0)
11-03 02:59:51.059 3939 3939 E MediaPlayer: Error (-38,0)
11-03 02:59:51.059 3939 3939 E MediaPlayerNative: Attempt to perform seekTo in wrong state: mPlayer=0x7cf19ec840, mCurrentState=0
11-03 02:59:51.059 3939 3939 E MediaPlayerNative: error (-38, 0)
11-03 02:59:51.059 3939 3939 E MediaPlayer: Error (-38,0)
11-03 02:59:51.059 3939 3939 E MediaPlayerNative: Attempt to perform seekTo in wrong state: mPlayer=0x7cf19ec840, mCurrentState=0
11-03 02:59:51.059 3939 3939 E MediaPlayerNative: error (-38, 0)
11-03 02:59:51.059 3939 3939 E MediaPlayer: Error (-38,0)
11-03 02:59:51.059 3939 3939 E MediaPlayerNative: Attempt to perform seekTo in wrong state: mPlayer=0x7cf19ec840, mCurrentState=0
11-03 02:59:51.071 3939 3939 E MediaPlayer: Error (-38,0)
11-03 02:59:51.071 3939 3939 E MediaPlayerNative: Attempt to perform seekTo in wrong state: mPlayer=0x7cf19ec840, mCurrentState=0
11-03 02:59:51.071 3939 3939 E MediaPlayerNative: error (-38, 0)
11-03 02:59:51.071 3939 3939 E MediaPlayer: Error (-38,0)
11-03 02:59:51.071 3939 3939 E MediaPlayerNative: Attempt to perform seekTo in wrong state: mPlayer=0x7cf19ec840, mCurrentState=0
11-03 02:59:51.071 3939 3939 E MediaPlayerNative: error (-38, 0)
11-03 02:59:51.071 3939 3939 E MediaPlayer: Error (-38,0)
11-03 02:59:51.071 3939 3939 E MediaPlayerNative: Attempt to perform seekTo in wrong state: mPlayer=0x7cf19ec840, mCurrentState=0
11-03 02:59:51.071 3939 3939 E MediaPlayerNative: error (-38, 0)
11-03 02:59:51.071 3939 3939 E MediaPlayer: Error (-38,0)
11-03 02:59:51.071 3939 3939 E MediaPlayerNative: Attempt to perform seekTo in wrong state: mPlayer=0x7cf19ec840, mCurrentState=0
11-03 02:59:51.071 3939 3939 E MediaPlayerNative: error (-38, 0)
11-03 02:59:51.071 3939 3939 E MediaPlayer: Error (-38,0)
11-03 02:59:51.071 3939 3939 E MediaPlayerNative: Attempt to perform seekTo in wrong state: mPlayer=0x7cf19ec840, mCurrentState=0
11-03 02:59:51.071 3939 3939 E MediaPlayerNative: error (-38, 0)
11-03 02:59:51.071 3939 3939 E MediaPlayer: Error (-38,0)
11-03 02:59:51.071 3939 3939 E MediaPlayerNative: Attempt to perform seekTo in wrong state: mPlayer=0x7cf19ec840, mCurrentState=0
11-03 02:59:51.072 3939 3939 E MediaPlayerNative: error (-38, 0)
11-03 02:59:51.072 3939 3939 E MediaPlayer: Error (-38,0)
11-03 02:59:51.072 3939 3939 E MediaPlayerNative: Attempt to perform seekTo in wrong state: mPlayer=0x7cf19ec840, mCurrentState=0
11-03 02:59:51.072 3939 3939 E MediaPlayerNative: error (-38, 0)
11-03 02:59:51.072 3939 3939 E MediaPlayer: Error (-38,0)
11-03 02:59:51.072 3939 3939 E MediaPlayerNative: Attempt to perform seekTo in wrong state: mPlayer=0x7cf19ec840, mCurrentState=0
11-03 02:59:51.072 3939 3939 E MediaPlayerNative: error (-38, 0)
11-03 02:59:51.072 3939 3939 E MediaPlayer: Error (-38,0)
11-03 02:59:51.072 3939 3939 E MediaPlayerNative: Attempt to perform seekTo in wrong state: mPlayer=0x7cf19ec840, mCurrentState=0
11-03 02:59:51.072 3939 3939 E MediaPlayerNative: error (-38, 0)
11-03 02:59:51.072 3939 3939 E MediaPlayer: Error (-38,0)
11-03 02:59:51.072 3939 3939 E MediaPlayerNative: Attempt to perform seekTo in wrong state: mPlayer=0x7cf19ec840, mCurrentState=0
11-03 02:59:51.072 3939 3939 E MediaPlayerNative: error (-38, 0)
11-03 02:59:51.072 3939 3939 E MediaPlayer: Error (-38,0)
11-03 02:59:51.072 3939 3939 E MediaPlayerNative: Attempt to perform seekTo in wrong state: mPlayer=0x7cf19ec840, mCurrentState=0
11-03 02:59:51.072 3939 3939 E MediaPlayerNative: error (-38, 0)
11-03 02:59:51.072 3939 3939 E MediaPlayer: Error (-38,0)
11-03 02:59:51.072 3939 3939 E MediaPlayerNative: Attempt to perform seekTo in wrong state: mPlayer=0x7cf19ec840, mCurrentState=0
11-03 02:59:51.072 3939 3939 E MediaPlayerNative: error (-38, 0)
11-03 02:59:51.072 3939 3939 E MediaPlayer: Error (-38,0)
11-03 02:59:51.072 3939 3939 E MediaPlayerNative: Attempt to perform seekTo in wrong state: mPlayer=0x7cf19ec840, mCurrentState=0
11-03 02:59:51.072 3939 3939 E MediaPlayerNative: error (-38, 0)
11-03 02:59:51.072 3939 3939 E MediaPlayer: Error (-38,0)
11-03 02:59:51.073 3939 3939 E MediaPlayerNative: Attempt to perform seekTo in wrong state: mPlayer=0x7cf19ec840, mCurrentState=0
11-03 02:59:51.073 3939 3939 E MediaPlayerNative: error (-38, 0)
11-03 02:59:51.073 3939 3939 E MediaPlayer: Error (-38,0)
11-03 02:59:51.073 3939 3939 E MediaPlayerNative: Attempt to perform seekTo in wrong state: mPlayer=0x7cf19ec840, mCurrentState=0
11-03 02:59:51.073 3939 3939 E MediaPlayerNative: error (-38, 0)
11-03 02:59:51.073 3939 3939 E MediaPlayer: Error (-38,0)
11-03 02:59:51.073 3939 3939 E MediaPlayerNative: Attempt to perform seekTo in wrong state: mPlayer=0x7cf19ec840, mCurrentState=0
11-03 02:59:51.073 3939 3939 E MediaPlayerNative: error (-38, 0)
11-03 02:59:51.073 3939 3939 E MediaPlayer: Error (-38,0)
11-03 02:59:51.073 3939 3939 E MediaPlayerNative: Attempt to perform seekTo in wrong state: mPlayer=0x7cf19ec840, mCurrentState=0
11-03 02:59:51.073 3939 3939 E MediaPlayerNative: error (-38, 0)
11-03 02:59:51.073 3939 3939 E MediaPlayer: Error (-38,0)
11-03 02:59:51.073 3939 3939 E MediaPlayerNative: Attempt to perform seekTo in wrong state: mPlayer=0x7cf19ec840, mCurrentState=0
11-03 02:59:51.073 3939 3939 E MediaPlayerNative: error (-38, 0)
11-03 02:59:51.073 3939 3939 E MediaPlayer: Error (-38,0)
11-03 02:59:51.073 3939 3939 E MediaPlayerNative: Attempt to perform seekTo in wrong state: mPlayer=0x7cf19ec840, mCurrentState=0
11-03 02:59:51.073 3939 3939 E MediaPlayerNative: error (-38, 0)
11-03 02:59:51.073 3939 3939 E MediaPlayer: Error (-38,0)
11-03 02:59:51.073 3939 3939 E MediaPlayerNative: Attempt to perform seekTo in wrong state: mPlayer=0x7cf19ec840, mCurrentState=0
11-03 02:59:51.073 3939 3939 E MediaPlayerNative: error (-38, 0)
11-03 02:59:51.073 3939 3939 E MediaPlayer: Error (-38,0)
11-03 02:59:51.073 3939 3939 E MediaPlayerNative: Attempt to perform seekTo in wrong state: mPlayer=0x7cf19ec840, mCurrentState=0
11-03 02:59:51.073 3939 3939 E MediaPlayerNative: error (-38, 0)
11-03 02:59:51.074 3939 3939 E MediaPlayer: Error (-38,0)
11-03 02:59:51.074 3939 3939 E MediaPlayerNative: Attempt to perform seekTo in wrong state: mPlayer=0x7cf19ec840, mCurrentState=0
11-03 02:59:51.074 3939 3939 E MediaPlayerNative: error (-38, 0)
11-03 02:59:51.074 3939 3939 E MediaPlayer: Error (-38,0)
11-03 02:59:51.074 3939 3939 E MediaPlayerNative: Attempt to perform seekTo in wrong state: mPlayer=0x7cf19ec840, mCurrentState=0
11-03 02:59:51.074 3939 3939 E MediaPlayerNative: error (-38, 0)
11-03 02:59:51.074 3939 3939 E MediaPlayer: Error (-38,0)
11-03 02:59:51.074 3939 3939 E MediaPlayerNative: Attempt to perform seekTo in wrong state: mPlayer=0x7cf19ec840, mCurrentState=0
11-03 02:59:51.074 3939 3939 E MediaPlayerNative: error (-38, 0)
11-03 02:59:51.074 3939 3939 E MediaPlayer: Error (-38,0)
11-03 02:59:51.074 3939 3939 E MediaPlayerNative: Attempt to perform seekTo in wrong state: mPlayer=0x7cf19ec840, mCurrentState=0
11-03 02:59:51.086 3939 3939 E MediaPlayer: Error (-38,0)
11-03 02:59:51.086 3939 3939 E MediaPlayerNative: Attempt to perform seekTo in wrong state: mPlayer=0x7cf19ec840, mCurrentState=0
11-03 02:59:51.086 3939 3939 E MediaPlayerNative: error (-38, 0)
11-03 02:59:51.086 3939 3939 E MediaPlayer: Error (-38,0)
11-03 02:59:51.086 3939 3939 E MediaPlayerNative: Attempt to perform seekTo in wrong state: mPlayer=0x7cf19ec840, mCurrentState=0
11-03 02:59:51.086 3939 3939 E MediaPlayerNative: error (-38, 0)
11-03 02:59:51.086 3939 3939 E MediaPlayer: Error (-38,0)
11-03 02:59:51.086 3939 3939 E MediaPlayerNative: Attempt to perform seekTo in wrong state: mPlayer=0x7cf19ec840, mCurrentState=0
11-03 02:59:51.086 3939 3939 E MediaPlayerNative: error (-38, 0)
11-03 02:59:51.086 3939 3939 E MediaPlayer: Error (-38,0)
11-03 02:59:51.086 3939 3939 E MediaPlayerNative: Attempt to perform seekTo in wrong state: mPlayer=0x7cf19ec840, mCurrentState=0
11-03 02:59:51.086 3939 3939 E MediaPlayerNative: error (-38, 0)
11-03 02:59:51.086 3939 3939 E MediaPlayer: Error (-38,0)
11-03 02:59:51.087 3939 3939 E MediaPlayerNative: Attempt to perform seekTo in wrong state: mPlayer=0x7cf19ec840, mCurrentState=0
11-03 02:59:51.087 3939 3939 E MediaPlayerNative: error (-38, 0)
11-03 02:59:51.087 3939 3939 E MediaPlayer: Error (-38,0)
11-03 02:59:51.087 3939 3939 E MediaPlayerNative: Attempt to perform seekTo in wrong state: mPlayer=0x7cf19ec840, mCurrentState=0
11-03 02:59:51.087 3939 3939 E MediaPlayerNative: error (-38, 0)
11-03 02:59:51.087 3939 3939 E MediaPlayer: Error (-38,0)
11-03 02:59:51.087 3939 3939 E MediaPlayerNative: Attempt to perform seekTo in wrong state: mPlayer=0x7cf19ec840, mCurrentState=0
11-03 02:59:51.087 3939 3939 E MediaPlayerNative: error (-38, 0)
11-03 02:59:51.087 3939 3939 E MediaPlayer: Error (-38,0)
11-03 02:59:51.087 3939 3939 E MediaPlayerNative: Attempt to perform seekTo in wrong state: mPlayer=0x7cf19ec840, mCurrentState=0
11-03 02:59:51.087 3939 3939 E MediaPlayerNative: error (-38, 0)
11-03 02:59:51.087 3939 3939 E MediaPlayer: Error (-38,0)
11-03 02:59:51.087 3939 3939 E MediaPlayerNative: Attempt to perform seekTo in wrong state: mPlayer=0x7cf19ec840, mCurrentState=0
11-03 02:59:51.087 3939 3939 E MediaPlayerNative: error (-38, 0)
11-03 02:59:51.087 3939 3939 E MediaPlayer: Error (-38,0)
11-03 02:59:51.087 3939 3939 E MediaPlayerNative: Attempt to perform seekTo in wrong state: mPlayer=0x7cf19ec840, mCurrentState=0
11-03 02:59:51.087 3939 3939 E MediaPlayerNative: error (-38, 0)
11-03 02:59:51.087 3939 3939 E MediaPlayer: Error (-38,0)
11-03 02:59:51.087 3939 3939 E MediaPlayerNative: Attempt to perform seekTo in wrong state: mPlayer=0x7cf19ec840, mCurrentState=0
11-03 02:59:51.087 3939 3939 E MediaPlayerNative: error (-38, 0)
11-03 02:59:51.087 3939 3939 E MediaPlayer: Error (-38,0)
11-03 02:59:51.087 3939 3939 E MediaPlayerNative: Attempt to perform seekTo in wrong state: mPlayer=0x7cf19ec840, mCurrentState=0
11-03 02:59:51.087 3939 3939 E MediaPlayerNative: error (-38, 0)
11-03 02:59:51.088 3939 3939 E MediaPlayer: Error (-38,0)
11-03 02:59:51.088 3939 3939 E MediaPlayerNative: Attempt to perform seekTo in wrong state: mPlayer=0x7cf19ec840, mCurrentState=0
11-03 02:59:51.088 3939 3939 E MediaPlayerNative: error (-38, 0)
11-03 02:59:51.088 3939 3939 E MediaPlayer: Error (-38,0)
11-03 02:59:51.088 3939 3939 E MediaPlayerNative: Attempt to perform seekTo in wrong state: mPlayer=0x7cf19ec840, mCurrentState=0
11-03 02:59:51.088 3939 3939 E MediaPlayerNative: error (-38, 0)
11-03 02:59:51.088 3939 3939 E MediaPlayer: Error (-38,0)
11-03 02:59:51.088 3939 3939 E MediaPlayerNative: Attempt to perform seekTo in wrong state: mPlayer=0x7cf19ec840, mCurrentState=0
11-03 02:59:51.088 3939 3939 E MediaPlayerNative: error (-38, 0)
11-03 02:59:51.088 3939 3939 E MediaPlayer: Error (-38,0)
11-03 02:59:51.088 3939 3939 E MediaPlayerNative: Attempt to perform seekTo in wrong state: mPlayer=0x7cf19ec840, mCurrentState=0
11-03 02:59:51.088 3939 3939 E MediaPlayerNative: error (-38, 0)
11-03 02:59:51.088 3939 3939 E MediaPlayer: Error (-38,0)
11-03 02:59:51.088 3939 3939 E MediaPlayerNative: Attempt to perform seekTo in wrong state: mPlayer=0x7cf19ec840, mCurrentState=0
11-03 02:59:51.088 3939 3939 E MediaPlayerNative: error (-38, 0)
11-03 02:59:51.088 3939 3939 E MediaPlayer: Error (-38,0)
11-03 02:59:51.088 3939 3939 E MediaPlayerNative: Attempt to perform seekTo in wrong state: mPlayer=0x7cf19ec840, mCurrentState=0
11-03 02:59:51.088 3939 3939 E MediaPlayerNative: error (-38, 0)
11-03 02:59:51.088 3939 3939 E MediaPlayer: Error (-38,0)
11-03 02:59:51.088 3939 3939 E MediaPlayerNative: Attempt to perform seekTo in wrong state: mPlayer=0x7cf19ec840, mCurrentState=0
11-03 02:59:51.089 3939 3939 E MediaPlayerNative: error (-38, 0)
11-03 02:59:51.089 3939 3939 E MediaPlayer: Error (-38,0)
11-03 02:59:51.089 3939 3939 E MediaPlayerNative: Attempt to perform seekTo in wrong state: mPlayer=0x7cf19ec840, mCurrentState=0
11-03 02:59:51.089 3939 3939 E MediaPlayerNative: error (-38, 0)
11-03 02:59:51.089 3939 3939 E MediaPlayer: Error (-38,0)
11-03 02:59:51.089 3939 3939 E MediaPlayerNative: Attempt to perform seekTo in wrong state: mPlayer=0x7cf19ec840, mCurrentState=0
11-03 02:59:51.089 3939 3939 E MediaPlayerNative: error (-38, 0)
11-03 02:59:51.089 3939 3939 E MediaPlayer: Error (-38,0)
11-03 02:59:51.089 3939 3939 E MediaPlayerNative: Attempt to perform seekTo in wrong state: mPlayer=0x7cf19ec840, mCurrentState=0
11-03 02:59:51.089 3939 3939 E MediaPlayerNative: error (-38, 0)
11-03 02:59:51.089 3939 3939 E MediaPlayer: Error (-38,0)
11-03 02:59:51.089 3939 3939 E MediaPlayerNative: Attempt to perform seekTo in wrong state: mPlayer=0x7cf19ec840, mCurrentState=0
11-03 02:59:51.089 3939 3939 E MediaPlayerNative: error (-38, 0)
11-03 02:59:51.089 3939 3939 E MediaPlayer: Error (-38,0)
11-03 02:59:51.089 3939 3939 E MediaPlayerNative: Attempt to perform seekTo in wrong state: mPlayer=0x7cf19ec840, mCurrentState=0
11-03 02:59:51.089 3939 3939 E MediaPlayerNative: error (-38, 0)
11-03 02:59:51.089 3939 3939 E MediaPlayer: Error (-38,0)
11-03 02:59:51.089 3939 3939 E MediaPlayerNative: Attempt to perform seekTo in wrong state: mPlayer=0x7cf19ec840, mCurrentState=0
11-03 02:59:51.089 3939 3939 E MediaPlayerNative: error (-38, 0)
11-03 02:59:51.089 3939 3939 E MediaPlayer: Error (-38,0)
11-03 02:59:51.101 3939 3939 E MediaPlayerNative: error (-38, 0)
11-03 02:59:51.101 3939 3939 E MediaPlayer: Error (-38,0)
11-03 02:59:51.101 3939 3939 E MediaPlayerNative: Attempt to perform seekTo in wrong state: mPlayer=0x7cf19ec840, mCurrentState=0
11-03 02:59:51.101 3939 3939 E MediaPlayerNative: error (-38, 0)
11-03 02:59:51.101 3939 3939 E MediaPlayer: Error (-38,0)
11-03 02:59:51.101 3939 3939 E MediaPlayerNative: Attempt to perform seekTo in wrong state: mPlayer=0x7cf19ec840, mCurrentState=0
11-03 02:59:51.101 3939 3939 E MediaPlayerNative: error (-38, 0)
11-03 02:59:51.101 3939 3939 E MediaPlayer: Error (-38,0)
11-03 02:59:51.101 3939 3939 E MediaPlayerNative: Attempt to perform seekTo in wrong state: mPlayer=0x7cf19ec840, mCurrentState=0
11-03 02:59:51.101 3939 3939 E MediaPlayerNative: error (-38, 0)
11-03 02:59:51.102 3939 3939 E MediaPlayer: Error (-38,0)
11-03 02:59:51.102 3939 3939 E MediaPlayerNative: Attempt to perform seekTo in wrong state: mPlayer=0x7cf19ec840, mCurrentState=0
11-03 02:59:51.102 3939 3939 E MediaPlayerNative: error (-38, 0)
11-03 02:59:51.102 3939 3939 E MediaPlayer: Error (-38,0)
11-03 02:59:51.102 3939 3939 E MediaPlayerNative: Attempt to perform seekTo in wrong state: mPlayer=0x7cf19ec840, mCurrentState=0
11-03 02:59:51.102 3939 3939 E MediaPlayerNative: error (-38, 0)
11-03 02:59:51.102 3939 3939 E MediaPlayer: Error (-38,0)
11-03 02:59:51.102 3939 3939 E MediaPlayerNative: Attempt to perform seekTo in wrong state: mPlayer=0x7cf19ec840, mCurrentState=0
